
{"id":9018,"date":"2017-11-28T08:26:45","date_gmt":"2017-11-28T08:26:45","guid":{"rendered":"http:\/\/demo2.drfuri.com\/martfury10\/?page_id=129"},"modified":"2023-05-25T17:09:27","modified_gmt":"2023-05-25T17:09:27","slug":"sobre-nos","status":"publish","type":"page","link":"https:\/\/smfoods.pt\/loja\/sobre-nos\/","title":{"rendered":"Sobre n\u00f3s"},"content":{"rendered":"\t\t<div data-elementor-type=\"wp-post\" data-elementor-id=\"9018\" class=\"elementor elementor-9018\">\n\t\t\t\t\t\t<section class=\"elementor-section elementor-top-section elementor-element elementor-element-160dbc6b elementor-section-full_width elementor-section-stretched elementor-section-height-default elementor-section-height-default\" data-id=\"160dbc6b\" data-element_type=\"section\" data-e-type=\"section\" data-settings=\"{&quot;stretch_section&quot;:&quot;section-stretched&quot;}\">\n\t\t\t\t\t\t<div class=\"elementor-container elementor-column-gap-no\">\n\t\t\t\t\t<div class=\"elementor-column elementor-col-100 elementor-top-column elementor-element elementor-element-92390d5\" data-id=\"92390d5\" data-element_type=\"column\" data-e-type=\"column\">\n\t\t\t<div class=\"elementor-widget-wrap elementor-element-populated\">\n\t\t\t\t\t\t<div class=\"elementor-element elementor-element-4a4f2f8c elementor-widget elementor-widget-image\" data-id=\"4a4f2f8c\" data-element_type=\"widget\" data-e-type=\"widget\" data-widget_type=\"image.default\">\n\t\t\t\t<div class=\"elementor-widget-container\">\n\t\t\t\t\t\t\t\t\t\t\t\t\t\t\t<img fetchpriority=\"high\" decoding=\"async\" width=\"1920\" height=\"640\" src=\"https:\/\/smfoods.pt\/loja\/wp-content\/uploads\/2023\/05\/smfoods_TEAM.jpg\" class=\"attachment-full size-full wp-image-71967\" alt=\"\" srcset=\"https:\/\/smfoods.pt\/loja\/wp-content\/uploads\/2023\/05\/smfoods_TEAM.jpg 1920w, https:\/\/smfoods.pt\/loja\/wp-content\/uploads\/2023\/05\/smfoods_TEAM-300x100.jpg 300w, https:\/\/smfoods.pt\/loja\/wp-content\/uploads\/2023\/05\/smfoods_TEAM-1024x341.jpg 1024w, https:\/\/smfoods.pt\/loja\/wp-content\/uploads\/2023\/05\/smfoods_TEAM-768x256.jpg 768w, https:\/\/smfoods.pt\/loja\/wp-content\/uploads\/2023\/05\/smfoods_TEAM-1536x512.jpg 1536w, https:\/\/smfoods.pt\/loja\/wp-content\/uploads\/2023\/05\/smfoods_TEAM-370x123.jpg 370w, https:\/\/smfoods.pt\/loja\/wp-content\/uploads\/2023\/05\/smfoods_TEAM-600x200.jpg 600w\" sizes=\"(max-width: 1920px) 100vw, 1920px\" \/>\t\t\t\t\t\t\t\t\t\t\t\t\t\t\t<\/div>\n\t\t\t\t<\/div>\n\t\t\t\t<div class=\"elementor-element elementor-element-1e8c90b1 elementor-widget elementor-widget-spacer\" data-id=\"1e8c90b1\" data-element_type=\"widget\" data-e-type=\"widget\" data-widget_type=\"spacer.default\">\n\t\t\t\t<div class=\"elementor-widget-container\">\n\t\t\t\t\t\t\t<div class=\"elementor-spacer\">\n\t\t\t<div class=\"elementor-spacer-inner\"><\/div>\n\t\t<\/div>\n\t\t\t\t\t\t<\/div>\n\t\t\t\t<\/div>\n\t\t\t\t\t<\/div>\n\t\t<\/div>\n\t\t\t\t\t<\/div>\n\t\t<\/section>\n\t\t\t\t<section class=\"elementor-section elementor-top-section elementor-element elementor-element-3fdd1868 elementor-section-boxed elementor-section-height-default elementor-section-height-default\" data-id=\"3fdd1868\" data-element_type=\"section\" data-e-type=\"section\">\n\t\t\t\t\t\t<div class=\"elementor-container elementor-column-gap-extended\">\n\t\t\t\t\t<div class=\"elementor-column elementor-col-33 elementor-top-column elementor-element elementor-element-7ce91383\" data-id=\"7ce91383\" data-element_type=\"column\" data-e-type=\"column\">\n\t\t\t<div class=\"elementor-widget-wrap\">\n\t\t\t\t\t\t\t<\/div>\n\t\t<\/div>\n\t\t\t\t<div class=\"elementor-column elementor-col-33 elementor-top-column elementor-element elementor-element-5af793c6\" data-id=\"5af793c6\" data-element_type=\"column\" data-e-type=\"column\">\n\t\t\t<div class=\"elementor-widget-wrap elementor-element-populated\">\n\t\t\t\t\t\t<div class=\"elementor-element elementor-element-4da17e9 elementor-widget elementor-widget-heading\" data-id=\"4da17e9\" data-element_type=\"widget\" data-e-type=\"widget\" data-widget_type=\"heading.default\">\n\t\t\t\t<div class=\"elementor-widget-container\">\n\t\t\t\t\t<h3 class=\"elementor-heading-title elementor-size-default\">A smfoods<\/h3>\t\t\t\t<\/div>\n\t\t\t\t<\/div>\n\t\t\t\t<div class=\"elementor-element elementor-element-5ccd079a elementor-widget elementor-widget-spacer\" data-id=\"5ccd079a\" data-element_type=\"widget\" data-e-type=\"widget\" data-widget_type=\"spacer.default\">\n\t\t\t\t<div class=\"elementor-widget-container\">\n\t\t\t\t\t\t\t<div class=\"elementor-spacer\">\n\t\t\t<div class=\"elementor-spacer-inner\"><\/div>\n\t\t<\/div>\n\t\t\t\t\t\t<\/div>\n\t\t\t\t<\/div>\n\t\t\t\t<div class=\"elementor-element elementor-element-2c7926c9 elementor-widget elementor-widget-heading\" data-id=\"2c7926c9\" data-element_type=\"widget\" data-e-type=\"widget\" data-widget_type=\"heading.default\">\n\t\t\t\t<div class=\"elementor-widget-container\">\n\t\t\t\t\t<h2 class=\"elementor-heading-title elementor-size-small\">A Sousa &amp; Morgado Lda, \u00e9 um distribuidor de produtos alimentares, que opera nas \u00e1reas de distribui\u00e7\u00e3o Padaria, Pastelaria, Restaura\u00e7\u00e3o e Gelataria Artesanal. Para assegurar a qualidade dos seus servi\u00e7os, a empresa foi certificada com a implementa\u00e7\u00e3o da ISO 9001:2008.<\/h2>\t\t\t\t<\/div>\n\t\t\t\t<\/div>\n\t\t\t\t<div class=\"elementor-element elementor-element-31c8a409 elementor-widget elementor-widget-spacer\" data-id=\"31c8a409\" data-element_type=\"widget\" data-e-type=\"widget\" data-widget_type=\"spacer.default\">\n\t\t\t\t<div class=\"elementor-widget-container\">\n\t\t\t\t\t\t\t<div class=\"elementor-spacer\">\n\t\t\t<div class=\"elementor-spacer-inner\"><\/div>\n\t\t<\/div>\n\t\t\t\t\t\t<\/div>\n\t\t\t\t<\/div>\n\t\t\t\t<div class=\"elementor-element elementor-element-44c85324 elementor-widget elementor-widget-text-editor\" data-id=\"44c85324\" data-element_type=\"widget\" data-e-type=\"widget\" data-widget_type=\"text-editor.default\">\n\t\t\t\t<div class=\"elementor-widget-container\">\n\t\t\t\t\t\t\t\t\t<p align=\"justify\">Em Maio de 1984, o Sr. Luis Moreira de Sousa efectuou uma parceria com a \u201cFima S.A.\u201c, empresa produtora de produtos padaria e pastelaria situada em Santa Maria de Az\u00f3ia (Lisboa). Esta parceria abrangia a zona geogr\u00e1fica do Porto e arredores.<\/p><p>Em Julho de 1992, foi fundada a empresa\u00a0<strong>Sousa &amp; Morgado, Lda.<\/strong>\u00a0por dois s\u00f3cios gerentes (Sr. Lu\u00eds Moreira de Sousa e D\u00aa Palmira de Sousa Morgado), que tinha como objectivo a distribui\u00e7\u00e3o no canal\u00a0<strong>Pastelaria<\/strong>.<\/p><p>Em 1999, aderiu ao grupo\u00a0<a href=\"https:\/\/dihor.pt\/\"><strong>Dihor<\/strong><\/a>, com esta ades\u00e3o abriu os horizontes para o canal da<strong>\u00a0Restaura\u00e7\u00e3o<\/strong>, com uma vasta gama de produtos de alta qualidade. De seguida,\u00a0<strong>Sousa &amp; Morgado, Lda.<\/strong>\u00a0tornou se o primeiro distribuidor a apostar no canal\u00a0<strong>Frozen<\/strong>.<\/p><p>Em 2013 iniciamos a distribui\u00e7\u00e3o de ingredientes para Gelataria Artesanal e em 2017 passamos a ser os importadores oficiais da\u00a0<strong>Pernigotti<\/strong>\u00a0para Portugal.<\/p><p>Actualmente a empresa\u00a0<strong>Sousa &amp; Morgado, Lda.<\/strong>\u00a0\u00e9 um distribuidor de produtos alimentares, que opera nas \u00e1reas de distribui\u00e7\u00e3o\u00a0<strong>Padaria, Pastelaria, Restaura\u00e7\u00e3o\u00a0<\/strong>e<strong>\u00a0Gelataria Artesanal<\/strong>. Para assegurar a qualidade dos seus servi\u00e7os, a empresa foi certificada com a implementa\u00e7\u00e3o da<strong>\u00a0ISO 9001:2008.\u00a0<\/strong><\/p>\t\t\t\t\t\t\t\t<\/div>\n\t\t\t\t<\/div>\n\t\t\t\t<div class=\"elementor-element elementor-element-3ce85edc elementor-widget elementor-widget-spacer\" data-id=\"3ce85edc\" data-element_type=\"widget\" data-e-type=\"widget\" data-widget_type=\"spacer.default\">\n\t\t\t\t<div class=\"elementor-widget-container\">\n\t\t\t\t\t\t\t<div class=\"elementor-spacer\">\n\t\t\t<div class=\"elementor-spacer-inner\"><\/div>\n\t\t<\/div>\n\t\t\t\t\t\t<\/div>\n\t\t\t\t<\/div>\n\t\t\t\t\t<\/div>\n\t\t<\/div>\n\t\t\t\t<div class=\"elementor-column elementor-col-33 elementor-top-column elementor-element elementor-element-78181831\" data-id=\"78181831\" data-element_type=\"column\" data-e-type=\"column\">\n\t\t\t<div class=\"elementor-widget-wrap\">\n\t\t\t\t\t\t\t<\/div>\n\t\t<\/div>\n\t\t\t\t\t<\/div>\n\t\t<\/section>\n\t\t\t\t<section class=\"elementor-section elementor-top-section elementor-element elementor-element-febdb2e elementor-section-boxed elementor-section-height-default elementor-section-height-default\" data-id=\"febdb2e\" data-element_type=\"section\" data-e-type=\"section\">\n\t\t\t\t\t\t<div class=\"elementor-container elementor-column-gap-default\">\n\t\t\t\t\t<div class=\"elementor-column elementor-col-100 elementor-top-column elementor-element elementor-element-9674851\" data-id=\"9674851\" data-element_type=\"column\" data-e-type=\"column\">\n\t\t\t<div class=\"elementor-widget-wrap elementor-element-populated\">\n\t\t\t\t\t\t<section class=\"elementor-section elementor-inner-section elementor-element elementor-element-1bf050e elementor-section-boxed elementor-section-height-default elementor-section-height-default\" data-id=\"1bf050e\" data-element_type=\"section\" data-e-type=\"section\">\n\t\t\t\t\t\t<div class=\"elementor-container elementor-column-gap-default\">\n\t\t\t\t\t<div class=\"elementor-column elementor-col-50 elementor-inner-column elementor-element elementor-element-9e9d942\" data-id=\"9e9d942\" data-element_type=\"column\" data-e-type=\"column\">\n\t\t\t<div class=\"elementor-widget-wrap elementor-element-populated\">\n\t\t\t\t\t\t<div class=\"elementor-element elementor-element-a2d8b51 elementor-widget elementor-widget-heading\" data-id=\"a2d8b51\" data-element_type=\"widget\" data-e-type=\"widget\" data-widget_type=\"heading.default\">\n\t\t\t\t<div class=\"elementor-widget-container\">\n\t\t\t\t\t<h2 class=\"elementor-heading-title elementor-size-default\">Conhe\u00e7a os nossos servi\u00e7os<\/h2>\t\t\t\t<\/div>\n\t\t\t\t<\/div>\n\t\t\t\t<div class=\"elementor-element elementor-element-53f6572 elementor-widget elementor-widget-spacer\" data-id=\"53f6572\" data-element_type=\"widget\" data-e-type=\"widget\" data-widget_type=\"spacer.default\">\n\t\t\t\t<div class=\"elementor-widget-container\">\n\t\t\t\t\t\t\t<div class=\"elementor-spacer\">\n\t\t\t<div class=\"elementor-spacer-inner\"><\/div>\n\t\t<\/div>\n\t\t\t\t\t\t<\/div>\n\t\t\t\t<\/div>\n\t\t\t\t<div class=\"elementor-element elementor-element-8da5017 elementor-widget elementor-widget-text-editor\" data-id=\"8da5017\" data-element_type=\"widget\" data-e-type=\"widget\" data-widget_type=\"text-editor.default\">\n\t\t\t\t<div class=\"elementor-widget-container\">\n\t\t\t\t\t\t\t\t\t<p><span style=\"color: #3e3e3e; font-family: Poppins, sans-serif;\">Nos nossos produtos encontrar\u00e1 a solu\u00e7\u00e3o que necessita para o seu neg\u00f3cio. Para isso conte com a nossa equipa altamente qualificada sempre dispon\u00edvel para o ajudar. Com a confian\u00e7a de mais de 1500 clientes apresentamos um n\u00edvel de servi\u00e7o com altos padr\u00f5es de qualidade de forma a responder a todas as suas necessidades. Conte connosco!<\/span><\/p>\t\t\t\t\t\t\t\t<\/div>\n\t\t\t\t<\/div>\n\t\t\t\t\t<\/div>\n\t\t<\/div>\n\t\t\t\t<div class=\"elementor-column elementor-col-50 elementor-inner-column elementor-element elementor-element-e84674d\" data-id=\"e84674d\" data-element_type=\"column\" data-e-type=\"column\">\n\t\t\t<div class=\"elementor-widget-wrap elementor-element-populated\">\n\t\t\t\t\t\t<div class=\"elementor-element elementor-element-50058a4 elementor-widget elementor-widget-progress\" data-id=\"50058a4\" data-element_type=\"widget\" data-e-type=\"widget\" data-widget_type=\"progress.default\">\n\t\t\t\t<div class=\"elementor-widget-container\">\n\t\t\t\t\t\n\t\t<div class=\"elementor-progress-wrapper\" role=\"progressbar\" aria-valuemin=\"0\" aria-valuemax=\"100\" aria-valuenow=\"100\" aria-valuetext=\"100% (Qualidade)\">\n\t\t\t<div class=\"elementor-progress-bar\" data-max=\"100\">\n\t\t\t\t<span class=\"elementor-progress-text\">Qualidade<\/span>\n\t\t\t\t\t\t\t\t\t<span class=\"elementor-progress-percentage\">100%<\/span>\n\t\t\t\t\t\t\t<\/div>\n\t\t<\/div>\n\t\t\t\t\t\t<\/div>\n\t\t\t\t<\/div>\n\t\t\t\t<div class=\"elementor-element elementor-element-94aa85f elementor-widget elementor-widget-spacer\" data-id=\"94aa85f\" data-element_type=\"widget\" data-e-type=\"widget\" data-widget_type=\"spacer.default\">\n\t\t\t\t<div class=\"elementor-widget-container\">\n\t\t\t\t\t\t\t<div class=\"elementor-spacer\">\n\t\t\t<div class=\"elementor-spacer-inner\"><\/div>\n\t\t<\/div>\n\t\t\t\t\t\t<\/div>\n\t\t\t\t<\/div>\n\t\t\t\t<div class=\"elementor-element elementor-element-9416d7f elementor-widget elementor-widget-progress\" data-id=\"9416d7f\" data-element_type=\"widget\" data-e-type=\"widget\" data-widget_type=\"progress.default\">\n\t\t\t\t<div class=\"elementor-widget-container\">\n\t\t\t\t\t\n\t\t<div class=\"elementor-progress-wrapper\" role=\"progressbar\" aria-valuemin=\"0\" aria-valuemax=\"100\" aria-valuenow=\"100\" aria-valuetext=\"100% (Confian\u00e7a)\">\n\t\t\t<div class=\"elementor-progress-bar\" data-max=\"100\">\n\t\t\t\t<span class=\"elementor-progress-text\">Confian\u00e7a<\/span>\n\t\t\t\t\t\t\t\t\t<span class=\"elementor-progress-percentage\">100%<\/span>\n\t\t\t\t\t\t\t<\/div>\n\t\t<\/div>\n\t\t\t\t\t\t<\/div>\n\t\t\t\t<\/div>\n\t\t\t\t<div class=\"elementor-element elementor-element-9f10fae elementor-widget elementor-widget-spacer\" data-id=\"9f10fae\" data-element_type=\"widget\" data-e-type=\"widget\" data-widget_type=\"spacer.default\">\n\t\t\t\t<div class=\"elementor-widget-container\">\n\t\t\t\t\t\t\t<div class=\"elementor-spacer\">\n\t\t\t<div class=\"elementor-spacer-inner\"><\/div>\n\t\t<\/div>\n\t\t\t\t\t\t<\/div>\n\t\t\t\t<\/div>\n\t\t\t\t<div class=\"elementor-element elementor-element-ffd12fe elementor-widget elementor-widget-progress\" data-id=\"ffd12fe\" data-element_type=\"widget\" data-e-type=\"widget\" data-widget_type=\"progress.default\">\n\t\t\t\t<div class=\"elementor-widget-container\">\n\t\t\t\t\t\n\t\t<div class=\"elementor-progress-wrapper\" role=\"progressbar\" aria-valuemin=\"0\" aria-valuemax=\"100\" aria-valuenow=\"100\" aria-valuetext=\"100% (Proximidade)\">\n\t\t\t<div class=\"elementor-progress-bar\" data-max=\"100\">\n\t\t\t\t<span class=\"elementor-progress-text\">Proximidade<\/span>\n\t\t\t\t\t\t\t\t\t<span class=\"elementor-progress-percentage\">100%<\/span>\n\t\t\t\t\t\t\t<\/div>\n\t\t<\/div>\n\t\t\t\t\t\t<\/div>\n\t\t\t\t<\/div>\n\t\t\t\t<div class=\"elementor-element elementor-element-0fd25ad elementor-widget elementor-widget-spacer\" data-id=\"0fd25ad\" data-element_type=\"widget\" data-e-type=\"widget\" data-widget_type=\"spacer.default\">\n\t\t\t\t<div class=\"elementor-widget-container\">\n\t\t\t\t\t\t\t<div class=\"elementor-spacer\">\n\t\t\t<div class=\"elementor-spacer-inner\"><\/div>\n\t\t<\/div>\n\t\t\t\t\t\t<\/div>\n\t\t\t\t<\/div>\n\t\t\t\t<div class=\"elementor-element elementor-element-10b021c elementor-widget elementor-widget-progress\" data-id=\"10b021c\" data-element_type=\"widget\" data-e-type=\"widget\" data-widget_type=\"progress.default\">\n\t\t\t\t<div class=\"elementor-widget-container\">\n\t\t\t\t\t\n\t\t<div class=\"elementor-progress-wrapper\" role=\"progressbar\" aria-valuemin=\"0\" aria-valuemax=\"100\" aria-valuenow=\"95\" aria-valuetext=\"95% (Distribui\u00e7\u00e3o Nacional)\">\n\t\t\t<div class=\"elementor-progress-bar\" data-max=\"95\">\n\t\t\t\t<span class=\"elementor-progress-text\">Distribui\u00e7\u00e3o Nacional<\/span>\n\t\t\t\t\t\t\t\t\t<span class=\"elementor-progress-percentage\">95%<\/span>\n\t\t\t\t\t\t\t<\/div>\n\t\t<\/div>\n\t\t\t\t\t\t<\/div>\n\t\t\t\t<\/div>\n\t\t\t\t\t<\/div>\n\t\t<\/div>\n\t\t\t\t\t<\/div>\n\t\t<\/section>\n\t\t\t\t\t<\/div>\n\t\t<\/div>\n\t\t\t\t\t<\/div>\n\t\t<\/section>\n\t\t\t\t<\/div>\n\t\t","protected":false},"excerpt":{"rendered":"<p>A smfoods A Sousa &#038; Morgado Lda, \u00e9 um distribuidor de produtos alimentares, que opera nas \u00e1reas de distribui\u00e7\u00e3o Padaria, Pastelaria, Restaura\u00e7\u00e3o e Gelataria Artesanal. Para assegurar a qualidade dos seus servi\u00e7os, a empresa foi certificada com a implementa\u00e7\u00e3o da ISO 9001:2008. Em Maio de 1984, o Sr. Luis Moreira de Sousa efectuou uma parceria&hellip;<\/p>\n","protected":false},"author":77,"featured_media":0,"parent":0,"menu_order":0,"comment_status":"closed","ping_status":"closed","template":"template-full-width.php","meta":{"footnotes":""},"class_list":["post-9018","page","type-page","status-publish","hentry"],"_links":{"self":[{"href":"https:\/\/smfoods.pt\/loja\/wp-json\/wp\/v2\/pages\/9018","targetHints":{"allow":["GET"]}}],"collection":[{"href":"https:\/\/smfoods.pt\/loja\/wp-json\/wp\/v2\/pages"}],"about":[{"href":"https:\/\/smfoods.pt\/loja\/wp-json\/wp\/v2\/types\/page"}],"author":[{"embeddable":true,"href":"https:\/\/smfoods.pt\/loja\/wp-json\/wp\/v2\/users\/77"}],"replies":[{"embeddable":true,"href":"https:\/\/smfoods.pt\/loja\/wp-json\/wp\/v2\/comments?post=9018"}],"version-history":[{"count":3,"href":"https:\/\/smfoods.pt\/loja\/wp-json\/wp\/v2\/pages\/9018\/revisions"}],"predecessor-version":[{"id":71970,"href":"https:\/\/smfoods.pt\/loja\/wp-json\/wp\/v2\/pages\/9018\/revisions\/71970"}],"wp:attachment":[{"href":"https:\/\/smfoods.pt\/loja\/wp-json\/wp\/v2\/media?parent=9018"}],"curies":[{"name":"wp","href":"https:\/\/api.w.org\/{rel}","templated":true}]}}