
{"id":61956,"date":"2023-01-27T09:24:55","date_gmt":"2023-01-27T09:24:55","guid":{"rendered":"https:\/\/smfoods.pt\/loja\/produto\/000081-red-fruits-frutos-vermelhos-cong-iqf-1kg\/"},"modified":"2024-03-04T14:11:56","modified_gmt":"2024-03-04T14:11:56","slug":"000081-red-fruitsfrutos-vermelhos-cong-iqf-1kg","status":"publish","type":"product","link":"https:\/\/smfoods.pt\/loja\/produto\/000081-red-fruitsfrutos-vermelhos-cong-iqf-1kg\/","title":{"rendered":"Red Fruits\/frutos Vermelhos Cong IQF 1Kg"},"content":{"rendered":"<p><strong>Observa\u00e7\u00f5es: <\/strong>Mistura: Frambosesa, Amora Silvestre, Mirtilo e Groselha<br \/>\nCaixa Master com 8\u00d71 Kg<\/p>\n","protected":false},"excerpt":{"rendered":"<p>Observa\u00e7\u00f5es: Mistura: Frambosesa, Amora Silvestre, Mirtilo e Groselha Caixa Master com 8\u00d71 Kg<\/p>\n","protected":false},"featured_media":67383,"template":"","meta":[],"product_cat":[2951,2952,2953,2922],"product_tag":[],"class_list":{"0":"post-61956","1":"product","2":"type-product","3":"status-publish","4":"has-post-thumbnail","6":"product_cat-pastelaria-frutas-congeladas","7":"product_cat-frozen-frutas-congeladas","8":"product_cat-restauracao-frutas-congeladas","9":"product_cat-restauracao-novidades","11":"first","12":"instock","13":"taxable","14":"shipping-taxable","15":"product-type-simple","16":"add-to-wishlist-before_image","17":"col-xs-6 col-sm-4","18":"col-md-3 col-lg-3","19":"un-4-cols"},"_links":{"self":[{"href":"https:\/\/smfoods.pt\/loja\/wp-json\/wp\/v2\/product\/61956","targetHints":{"allow":["GET"]}}],"collection":[{"href":"https:\/\/smfoods.pt\/loja\/wp-json\/wp\/v2\/product"}],"about":[{"href":"https:\/\/smfoods.pt\/loja\/wp-json\/wp\/v2\/types\/product"}],"version-history":[{"count":2,"href":"https:\/\/smfoods.pt\/loja\/wp-json\/wp\/v2\/product\/61956\/revisions"}],"predecessor-version":[{"id":72040,"href":"https:\/\/smfoods.pt\/loja\/wp-json\/wp\/v2\/product\/61956\/revisions\/72040"}],"wp:featuredmedia":[{"embeddable":true,"href":"https:\/\/smfoods.pt\/loja\/wp-json\/wp\/v2\/media\/67383"}],"wp:attachment":[{"href":"https:\/\/smfoods.pt\/loja\/wp-json\/wp\/v2\/media?parent=61956"}],"wp:term":[{"taxonomy":"product_cat","embeddable":true,"href":"https:\/\/smfoods.pt\/loja\/wp-json\/wp\/v2\/product_cat?post=61956"},{"taxonomy":"product_tag","embeddable":true,"href":"https:\/\/smfoods.pt\/loja\/wp-json\/wp\/v2\/product_tag?post=61956"}],"curies":[{"name":"wp","href":"https:\/\/api.w.org\/{rel}","templated":true}]}}