
{"id":61990,"date":"2023-01-27T09:25:28","date_gmt":"2023-01-27T09:25:28","guid":{"rendered":"https:\/\/smfoods.pt\/loja\/produto\/021156-espetada-de-lulas-e-camarao-francisgood\/"},"modified":"2024-03-04T14:14:10","modified_gmt":"2024-03-04T14:14:10","slug":"021156-espetada-de-lulas-e-camarao-francisgood","status":"publish","type":"product","link":"https:\/\/smfoods.pt\/loja\/produto\/021156-espetada-de-lulas-e-camarao-francisgood\/","title":{"rendered":"Espetada de Lulas e Camar\u00e3o &#8220;Francisgood&#8221;"},"content":{"rendered":"<p><strong>Observa\u00e7\u00f5es: <\/strong><\/p>\n","protected":false},"excerpt":{"rendered":"<p>Observa\u00e7\u00f5es:<\/p>\n","protected":false},"featured_media":67440,"template":"","meta":[],"product_cat":[3081,3082,3095],"product_tag":[],"class_list":{"0":"post-61990","1":"product","2":"type-product","3":"status-publish","4":"has-post-thumbnail","6":"product_cat-restauracao-peixes-outros","7":"product_cat-frozen-peixes-outros","8":"product_cat-restauracao-peixes-polvo","10":"first","11":"onbackorder","12":"taxable","13":"shipping-taxable","14":"product-type-simple","15":"add-to-wishlist-before_image","16":"col-xs-6 col-sm-4","17":"col-md-3 col-lg-3","18":"un-4-cols"},"_links":{"self":[{"href":"https:\/\/smfoods.pt\/loja\/wp-json\/wp\/v2\/product\/61990","targetHints":{"allow":["GET"]}}],"collection":[{"href":"https:\/\/smfoods.pt\/loja\/wp-json\/wp\/v2\/product"}],"about":[{"href":"https:\/\/smfoods.pt\/loja\/wp-json\/wp\/v2\/types\/product"}],"version-history":[{"count":2,"href":"https:\/\/smfoods.pt\/loja\/wp-json\/wp\/v2\/product\/61990\/revisions"}],"predecessor-version":[{"id":71399,"href":"https:\/\/smfoods.pt\/loja\/wp-json\/wp\/v2\/product\/61990\/revisions\/71399"}],"wp:featuredmedia":[{"embeddable":true,"href":"https:\/\/smfoods.pt\/loja\/wp-json\/wp\/v2\/media\/67440"}],"wp:attachment":[{"href":"https:\/\/smfoods.pt\/loja\/wp-json\/wp\/v2\/media?parent=61990"}],"wp:term":[{"taxonomy":"product_cat","embeddable":true,"href":"https:\/\/smfoods.pt\/loja\/wp-json\/wp\/v2\/product_cat?post=61990"},{"taxonomy":"product_tag","embeddable":true,"href":"https:\/\/smfoods.pt\/loja\/wp-json\/wp\/v2\/product_tag?post=61990"}],"curies":[{"name":"wp","href":"https:\/\/api.w.org\/{rel}","templated":true}]}}