
{"id":62016,"date":"2023-01-27T09:25:52","date_gmt":"2023-01-27T09:25:52","guid":{"rendered":"https:\/\/smfoods.pt\/loja\/produto\/020043-mix-4-sementes-5kg-sm-profissional\/"},"modified":"2024-03-04T14:15:40","modified_gmt":"2024-03-04T14:15:40","slug":"020043-mix-4-sementes-5kg-sm-profissional","status":"publish","type":"product","link":"https:\/\/smfoods.pt\/loja\/produto\/020043-mix-4-sementes-5kg-sm-profissional\/","title":{"rendered":"Mix 4 Sementes 5kg SM-PROFISSIONAL"},"content":{"rendered":"<p><strong>Observa\u00e7\u00f5es: <\/strong>Ingredientes: Flocos de aveia, girassol, linha\u00e7a e sesamo natural.<\/p>\n","protected":false},"excerpt":{"rendered":"<p>Observa\u00e7\u00f5es: Ingredientes: Flocos de aveia, girassol, linha\u00e7a e sesamo natural.<\/p>\n","protected":false},"featured_media":67482,"template":"","meta":[],"product_cat":[2997],"product_tag":[],"class_list":{"0":"post-62016","1":"product","2":"type-product","3":"status-publish","4":"has-post-thumbnail","6":"product_cat-padaria-sementes","8":"first","9":"instock","10":"taxable","11":"shipping-taxable","12":"product-type-simple","13":"add-to-wishlist-before_image","14":"col-xs-6 col-sm-4","15":"col-md-3 col-lg-3","16":"un-4-cols"},"_links":{"self":[{"href":"https:\/\/smfoods.pt\/loja\/wp-json\/wp\/v2\/product\/62016","targetHints":{"allow":["GET"]}}],"collection":[{"href":"https:\/\/smfoods.pt\/loja\/wp-json\/wp\/v2\/product"}],"about":[{"href":"https:\/\/smfoods.pt\/loja\/wp-json\/wp\/v2\/types\/product"}],"version-history":[{"count":1,"href":"https:\/\/smfoods.pt\/loja\/wp-json\/wp\/v2\/product\/62016\/revisions"}],"predecessor-version":[{"id":70815,"href":"https:\/\/smfoods.pt\/loja\/wp-json\/wp\/v2\/product\/62016\/revisions\/70815"}],"wp:featuredmedia":[{"embeddable":true,"href":"https:\/\/smfoods.pt\/loja\/wp-json\/wp\/v2\/media\/67482"}],"wp:attachment":[{"href":"https:\/\/smfoods.pt\/loja\/wp-json\/wp\/v2\/media?parent=62016"}],"wp:term":[{"taxonomy":"product_cat","embeddable":true,"href":"https:\/\/smfoods.pt\/loja\/wp-json\/wp\/v2\/product_cat?post=62016"},{"taxonomy":"product_tag","embeddable":true,"href":"https:\/\/smfoods.pt\/loja\/wp-json\/wp\/v2\/product_tag?post=62016"}],"curies":[{"name":"wp","href":"https:\/\/api.w.org\/{rel}","templated":true}]}}