
{"id":63308,"date":"2023-01-27T09:47:03","date_gmt":"2023-01-27T09:47:03","guid":{"rendered":"https:\/\/smfoods.pt\/loja\/produto\/300079-gb-tradicao-fibras-e-cereais-15-kg\/"},"modified":"2024-03-04T14:26:21","modified_gmt":"2024-03-04T14:26:21","slug":"300079-gb-tradicao-fibras-e-cereais-15-kg","status":"publish","type":"product","link":"https:\/\/smfoods.pt\/loja\/produto\/300079-gb-tradicao-fibras-e-cereais-15-kg\/","title":{"rendered":"Gb Tradicao Fibras e Cereais 15 Kg"},"content":{"rendered":"<p><strong>Observa\u00e7\u00f5es: <\/strong>Produto de baixa rota\u00e7\u00e3o pedir com 15 dias anteced\u00eancia.<\/p>\n","protected":false},"excerpt":{"rendered":"<p>Observa\u00e7\u00f5es: Produto de baixa rota\u00e7\u00e3o pedir com 15 dias anteced\u00eancia.<\/p>\n","protected":false},"featured_media":68118,"template":"","meta":[],"product_cat":[2973],"product_tag":[],"class_list":{"0":"post-63308","1":"product","2":"type-product","3":"status-publish","4":"has-post-thumbnail","6":"product_cat-padaria-mixes-padaria","8":"first","9":"instock","10":"taxable","11":"shipping-taxable","12":"product-type-simple","13":"add-to-wishlist-before_image","14":"col-xs-6 col-sm-4","15":"col-md-3 col-lg-3","16":"un-4-cols"},"_links":{"self":[{"href":"https:\/\/smfoods.pt\/loja\/wp-json\/wp\/v2\/product\/63308","targetHints":{"allow":["GET"]}}],"collection":[{"href":"https:\/\/smfoods.pt\/loja\/wp-json\/wp\/v2\/product"}],"about":[{"href":"https:\/\/smfoods.pt\/loja\/wp-json\/wp\/v2\/types\/product"}],"version-history":[{"count":1,"href":"https:\/\/smfoods.pt\/loja\/wp-json\/wp\/v2\/product\/63308\/revisions"}],"predecessor-version":[{"id":70873,"href":"https:\/\/smfoods.pt\/loja\/wp-json\/wp\/v2\/product\/63308\/revisions\/70873"}],"wp:featuredmedia":[{"embeddable":true,"href":"https:\/\/smfoods.pt\/loja\/wp-json\/wp\/v2\/media\/68118"}],"wp:attachment":[{"href":"https:\/\/smfoods.pt\/loja\/wp-json\/wp\/v2\/media?parent=63308"}],"wp:term":[{"taxonomy":"product_cat","embeddable":true,"href":"https:\/\/smfoods.pt\/loja\/wp-json\/wp\/v2\/product_cat?post=63308"},{"taxonomy":"product_tag","embeddable":true,"href":"https:\/\/smfoods.pt\/loja\/wp-json\/wp\/v2\/product_tag?post=63308"}],"curies":[{"name":"wp","href":"https:\/\/api.w.org\/{rel}","templated":true}]}}