
{"id":63406,"date":"2023-01-27T09:48:38","date_gmt":"2023-01-27T09:48:38","guid":{"rendered":"https:\/\/smfoods.pt\/loja\/produto\/409598-risso-longlife-10-l\/"},"modified":"2024-03-04T14:39:31","modified_gmt":"2024-03-04T14:39:31","slug":"409598-risso-longlife-10-l","status":"publish","type":"product","link":"https:\/\/smfoods.pt\/loja\/produto\/409598-risso-longlife-10-l\/","title":{"rendered":"Risso Longlife 10 L"},"content":{"rendered":"<p><strong>Observa\u00e7\u00f5es: <\/strong>Oleo de alto rendimento com grande capacidade de resist\u00eancia a temperaturas. Deixa os fritos dourados e com um sabor natural.<\/p>\n","protected":false},"excerpt":{"rendered":"<p>Observa\u00e7\u00f5es: Oleo de alto rendimento com grande capacidade de resist\u00eancia a temperaturas. Deixa os fritos dourados e com um sabor natural.<\/p>\n","protected":false},"featured_media":68978,"template":"","meta":[],"product_cat":[2979],"product_tag":[],"class_list":{"0":"post-63406","1":"product","2":"type-product","3":"status-publish","4":"has-post-thumbnail","6":"product_cat-restauracao-oleos-e-azeites","8":"first","9":"instock","10":"sale","11":"taxable","12":"shipping-taxable","13":"product-type-simple","14":"add-to-wishlist-before_image","15":"col-xs-6 col-sm-4","16":"col-md-3 col-lg-3","17":"un-4-cols"},"_links":{"self":[{"href":"https:\/\/smfoods.pt\/loja\/wp-json\/wp\/v2\/product\/63406","targetHints":{"allow":["GET"]}}],"collection":[{"href":"https:\/\/smfoods.pt\/loja\/wp-json\/wp\/v2\/product"}],"about":[{"href":"https:\/\/smfoods.pt\/loja\/wp-json\/wp\/v2\/types\/product"}],"version-history":[{"count":1,"href":"https:\/\/smfoods.pt\/loja\/wp-json\/wp\/v2\/product\/63406\/revisions"}],"predecessor-version":[{"id":70921,"href":"https:\/\/smfoods.pt\/loja\/wp-json\/wp\/v2\/product\/63406\/revisions\/70921"}],"wp:featuredmedia":[{"embeddable":true,"href":"https:\/\/smfoods.pt\/loja\/wp-json\/wp\/v2\/media\/68978"}],"wp:attachment":[{"href":"https:\/\/smfoods.pt\/loja\/wp-json\/wp\/v2\/media?parent=63406"}],"wp:term":[{"taxonomy":"product_cat","embeddable":true,"href":"https:\/\/smfoods.pt\/loja\/wp-json\/wp\/v2\/product_cat?post=63406"},{"taxonomy":"product_tag","embeddable":true,"href":"https:\/\/smfoods.pt\/loja\/wp-json\/wp\/v2\/product_tag?post=63406"}],"curies":[{"name":"wp","href":"https:\/\/api.w.org\/{rel}","templated":true}]}}