
{"id":64000,"date":"2023-01-27T09:58:22","date_gmt":"2023-01-27T09:58:22","guid":{"rendered":"https:\/\/smfoods.pt\/loja\/produto\/sm1326666-cakin-perolas-de-acucar-3-kg\/"},"modified":"2024-03-04T14:52:56","modified_gmt":"2024-03-04T14:52:56","slug":"sm1326666-cakin-perolas-de-acucar-3-kg","status":"publish","type":"product","link":"https:\/\/smfoods.pt\/loja\/produto\/sm1326666-cakin-perolas-de-acucar-3-kg\/","title":{"rendered":"Cakin Perolas de a\u00e7\u00facar 3 kg"},"content":{"rendered":"<p><strong>Observa\u00e7\u00f5es: <\/strong>P\u00e9rolas de a\u00e7ucar ideal para Panettone ou wafle tipo liege.<\/p>\n","protected":false},"excerpt":{"rendered":"<p>Observa\u00e7\u00f5es: P\u00e9rolas de a\u00e7ucar ideal para Panettone ou wafle tipo liege.<\/p>\n","protected":false},"featured_media":69264,"template":"","meta":[],"product_cat":[3080],"product_tag":[],"class_list":{"0":"post-64000","1":"product","2":"type-product","3":"status-publish","4":"has-post-thumbnail","6":"product_cat-pastelaria-acucares-outro-acucares","8":"first","9":"onbackorder","10":"taxable","11":"shipping-taxable","12":"product-type-simple","13":"add-to-wishlist-before_image","14":"col-xs-6 col-sm-4","15":"col-md-3 col-lg-3","16":"un-4-cols"},"_links":{"self":[{"href":"https:\/\/smfoods.pt\/loja\/wp-json\/wp\/v2\/product\/64000","targetHints":{"allow":["GET"]}}],"collection":[{"href":"https:\/\/smfoods.pt\/loja\/wp-json\/wp\/v2\/product"}],"about":[{"href":"https:\/\/smfoods.pt\/loja\/wp-json\/wp\/v2\/types\/product"}],"version-history":[{"count":1,"href":"https:\/\/smfoods.pt\/loja\/wp-json\/wp\/v2\/product\/64000\/revisions"}],"predecessor-version":[{"id":72191,"href":"https:\/\/smfoods.pt\/loja\/wp-json\/wp\/v2\/product\/64000\/revisions\/72191"}],"wp:featuredmedia":[{"embeddable":true,"href":"https:\/\/smfoods.pt\/loja\/wp-json\/wp\/v2\/media\/69264"}],"wp:attachment":[{"href":"https:\/\/smfoods.pt\/loja\/wp-json\/wp\/v2\/media?parent=64000"}],"wp:term":[{"taxonomy":"product_cat","embeddable":true,"href":"https:\/\/smfoods.pt\/loja\/wp-json\/wp\/v2\/product_cat?post=64000"},{"taxonomy":"product_tag","embeddable":true,"href":"https:\/\/smfoods.pt\/loja\/wp-json\/wp\/v2\/product_tag?post=64000"}],"curies":[{"name":"wp","href":"https:\/\/api.w.org\/{rel}","templated":true}]}}