
{"id":64026,"date":"2023-01-27T09:58:48","date_gmt":"2023-01-27T09:58:48","guid":{"rendered":"https:\/\/smfoods.pt\/loja\/produto\/75033-booguie-acucarado-cx-48-unid\/"},"modified":"2024-03-04T14:57:50","modified_gmt":"2024-03-04T14:57:50","slug":"75033-booguie-acucarado-cx-48-unid","status":"publish","type":"product","link":"https:\/\/smfoods.pt\/loja\/produto\/75033-booguie-acucarado-cx-48-unid\/","title":{"rendered":"Booguie A\u00e7ucarado cx. 48 Unid."},"content":{"rendered":"<p><strong>Observa\u00e7\u00f5es: <\/strong>Cada Booguie pesa 65 gr.<\/p>\n","protected":false},"excerpt":{"rendered":"<p>Observa\u00e7\u00f5es: Cada Booguie pesa 65 gr.<\/p>\n","protected":false},"featured_media":69038,"template":"","meta":[],"product_cat":[3060],"product_tag":[],"class_list":{"0":"post-64026","1":"product","2":"type-product","3":"status-publish","4":"has-post-thumbnail","6":"product_cat-frozen-pastelaria-dognuts-e-bolas-berlim","8":"first","9":"instock","10":"taxable","11":"shipping-taxable","12":"product-type-simple","13":"add-to-wishlist-before_image","14":"col-xs-6 col-sm-4","15":"col-md-3 col-lg-3","16":"un-4-cols"},"_links":{"self":[{"href":"https:\/\/smfoods.pt\/loja\/wp-json\/wp\/v2\/product\/64026","targetHints":{"allow":["GET"]}}],"collection":[{"href":"https:\/\/smfoods.pt\/loja\/wp-json\/wp\/v2\/product"}],"about":[{"href":"https:\/\/smfoods.pt\/loja\/wp-json\/wp\/v2\/types\/product"}],"version-history":[{"count":1,"href":"https:\/\/smfoods.pt\/loja\/wp-json\/wp\/v2\/product\/64026\/revisions"}],"predecessor-version":[{"id":70973,"href":"https:\/\/smfoods.pt\/loja\/wp-json\/wp\/v2\/product\/64026\/revisions\/70973"}],"wp:featuredmedia":[{"embeddable":true,"href":"https:\/\/smfoods.pt\/loja\/wp-json\/wp\/v2\/media\/69038"}],"wp:attachment":[{"href":"https:\/\/smfoods.pt\/loja\/wp-json\/wp\/v2\/media?parent=64026"}],"wp:term":[{"taxonomy":"product_cat","embeddable":true,"href":"https:\/\/smfoods.pt\/loja\/wp-json\/wp\/v2\/product_cat?post=64026"},{"taxonomy":"product_tag","embeddable":true,"href":"https:\/\/smfoods.pt\/loja\/wp-json\/wp\/v2\/product_tag?post=64026"}],"curies":[{"name":"wp","href":"https:\/\/api.w.org\/{rel}","templated":true}]}}