
{"id":64668,"date":"2023-01-27T10:09:08","date_gmt":"2023-01-27T10:09:08","guid":{"rendered":"https:\/\/smfoods.pt\/loja\/produto\/002246-pure-ananas-yuzu-cardomomo-1kg\/"},"modified":"2024-03-04T15:29:23","modified_gmt":"2024-03-04T15:29:23","slug":"002246-pure-ananas-yuzu-cardomomo-1kg","status":"publish","type":"product","link":"https:\/\/smfoods.pt\/loja\/produto\/002246-pure-ananas-yuzu-cardomomo-1kg\/","title":{"rendered":"Pur\u00e9 Anan\u00e1s \/ Yuzu \/ Cardomomo 1kg"},"content":{"rendered":"<p><strong>Observa\u00e7\u00f5es: <\/strong>Mistura: Anan\u00e1s com Yuzu com Cardomomo | Caixa 6 completa 6 cuvetes | 10% A\u00e7ucar<\/p>\n","protected":false},"excerpt":{"rendered":"<p>Observa\u00e7\u00f5es: Mistura: Anan\u00e1s com Yuzu com Cardomomo | Caixa 6 completa 6 cuvetes | 10% A\u00e7ucar<\/p>\n","protected":false},"featured_media":69385,"template":"","meta":[],"product_cat":[2951,2952,2953,2991,2989,2990,2992],"product_tag":[],"class_list":{"0":"post-64668","1":"product","2":"type-product","3":"status-publish","4":"has-post-thumbnail","6":"product_cat-pastelaria-frutas-congeladas","7":"product_cat-frozen-frutas-congeladas","8":"product_cat-restauracao-frutas-congeladas","9":"product_cat-pastelaria-pures-de-frura","10":"product_cat-frozen-pures-de-fruta","11":"product_cat-gelataria-pures-de-fruta","12":"product_cat-restauracao-pures-de-fruta","14":"first","15":"instock","16":"taxable","17":"shipping-taxable","18":"product-type-simple","19":"add-to-wishlist-before_image","20":"col-xs-6 col-sm-4","21":"col-md-3 col-lg-3","22":"un-4-cols"},"_links":{"self":[{"href":"https:\/\/smfoods.pt\/loja\/wp-json\/wp\/v2\/product\/64668","targetHints":{"allow":["GET"]}}],"collection":[{"href":"https:\/\/smfoods.pt\/loja\/wp-json\/wp\/v2\/product"}],"about":[{"href":"https:\/\/smfoods.pt\/loja\/wp-json\/wp\/v2\/types\/product"}],"version-history":[{"count":1,"href":"https:\/\/smfoods.pt\/loja\/wp-json\/wp\/v2\/product\/64668\/revisions"}],"predecessor-version":[{"id":71052,"href":"https:\/\/smfoods.pt\/loja\/wp-json\/wp\/v2\/product\/64668\/revisions\/71052"}],"wp:featuredmedia":[{"embeddable":true,"href":"https:\/\/smfoods.pt\/loja\/wp-json\/wp\/v2\/media\/69385"}],"wp:attachment":[{"href":"https:\/\/smfoods.pt\/loja\/wp-json\/wp\/v2\/media?parent=64668"}],"wp:term":[{"taxonomy":"product_cat","embeddable":true,"href":"https:\/\/smfoods.pt\/loja\/wp-json\/wp\/v2\/product_cat?post=64668"},{"taxonomy":"product_tag","embeddable":true,"href":"https:\/\/smfoods.pt\/loja\/wp-json\/wp\/v2\/product_tag?post=64668"}],"curies":[{"name":"wp","href":"https:\/\/api.w.org\/{rel}","templated":true}]}}