
{"id":64710,"date":"2023-01-27T10:09:53","date_gmt":"2023-01-27T10:09:53","guid":{"rendered":"https:\/\/smfoods.pt\/loja\/produto\/10240159-tranca-caramelo-salgado-48x95gr\/"},"modified":"2024-03-04T15:22:02","modified_gmt":"2024-03-04T15:22:02","slug":"10240159-tranca-caramelo-salgado-48x95gr","status":"publish","type":"product","link":"https:\/\/smfoods.pt\/loja\/produto\/10240159-tranca-caramelo-salgado-48x95gr\/","title":{"rendered":"Tran\u00e7a Caramelo Salgado (48x95gr.)"},"content":{"rendered":"<p><strong>Observa\u00e7\u00f5es: <\/strong>Massa folhada salgada, pr\u00e9-fermentada, recheada com 27% de caramelo salgado e decorada com cristais de a\u00e7\u00facar e peda\u00e7os de avel\u00e3. Modo de Prepara\u00e7\u00e3o: Descongelar 20 minutos e levar ao forno 170-190\u00ba de 18 a 22 minutos.<\/p>\n","protected":false},"excerpt":{"rendered":"<p>Observa\u00e7\u00f5es: Massa folhada salgada, pr\u00e9-fermentada, recheada com 27% de caramelo salgado e decorada com cristais de a\u00e7\u00facar e peda\u00e7os de avel\u00e3. Modo de Prepara\u00e7\u00e3o: Descongelar 20 minutos e levar ao forno 170-190\u00ba de 18 a 22 minutos.<\/p>\n","protected":false},"featured_media":69494,"template":"","meta":[],"product_cat":[3052],"product_tag":[],"class_list":{"0":"post-64710","1":"product","2":"type-product","3":"status-publish","4":"has-post-thumbnail","6":"product_cat-frozen-pastelaria-croissanteria","8":"first","9":"onbackorder","10":"taxable","11":"shipping-taxable","12":"product-type-simple","13":"add-to-wishlist-before_image","14":"col-xs-6 col-sm-4","15":"col-md-3 col-lg-3","16":"un-4-cols"},"_links":{"self":[{"href":"https:\/\/smfoods.pt\/loja\/wp-json\/wp\/v2\/product\/64710","targetHints":{"allow":["GET"]}}],"collection":[{"href":"https:\/\/smfoods.pt\/loja\/wp-json\/wp\/v2\/product"}],"about":[{"href":"https:\/\/smfoods.pt\/loja\/wp-json\/wp\/v2\/types\/product"}],"version-history":[{"count":2,"href":"https:\/\/smfoods.pt\/loja\/wp-json\/wp\/v2\/product\/64710\/revisions"}],"predecessor-version":[{"id":71676,"href":"https:\/\/smfoods.pt\/loja\/wp-json\/wp\/v2\/product\/64710\/revisions\/71676"}],"wp:featuredmedia":[{"embeddable":true,"href":"https:\/\/smfoods.pt\/loja\/wp-json\/wp\/v2\/media\/69494"}],"wp:attachment":[{"href":"https:\/\/smfoods.pt\/loja\/wp-json\/wp\/v2\/media?parent=64710"}],"wp:term":[{"taxonomy":"product_cat","embeddable":true,"href":"https:\/\/smfoods.pt\/loja\/wp-json\/wp\/v2\/product_cat?post=64710"},{"taxonomy":"product_tag","embeddable":true,"href":"https:\/\/smfoods.pt\/loja\/wp-json\/wp\/v2\/product_tag?post=64710"}],"curies":[{"name":"wp","href":"https:\/\/api.w.org\/{rel}","templated":true}]}}