
{"id":64998,"date":"2023-01-27T10:14:39","date_gmt":"2023-01-27T10:14:39","guid":{"rendered":"https:\/\/smfoods.pt\/loja\/produto\/49552-pizza-marguerita-bassa-190gr-36-unidades\/"},"modified":"2024-03-04T15:21:00","modified_gmt":"2024-03-04T15:21:00","slug":"49552-pizza-marguerita-bassa-190gr-36-unidades","status":"publish","type":"product","link":"https:\/\/smfoods.pt\/loja\/produto\/49552-pizza-marguerita-bassa-190gr-36-unidades\/","title":{"rendered":"Pizza Marguerita Bassa 190gr. (+-36 unidades)"},"content":{"rendered":"<p><strong>Observa\u00e7\u00f5es: <\/strong>Pizza Marguerita 15&#215;20 cm s\u00f3 meter ao forno 8-10 minutos a 180\u00ba.<\/p>\n","protected":false},"excerpt":{"rendered":"<p>Observa\u00e7\u00f5es: Pizza Marguerita 15&#215;20 cm s\u00f3 meter ao forno 8-10 minutos a 180\u00ba.<\/p>\n","protected":false},"featured_media":69821,"template":"","meta":[],"product_cat":[2915,3084],"product_tag":[],"class_list":{"0":"post-64998","1":"product","2":"type-product","3":"status-publish","4":"has-post-thumbnail","6":"product_cat-frozen-novidades","7":"product_cat-frozen-padaria-pao-especial","9":"first","10":"onbackorder","11":"taxable","12":"shipping-taxable","13":"product-type-simple","14":"add-to-wishlist-before_image","15":"col-xs-6 col-sm-4","16":"col-md-3 col-lg-3","17":"un-4-cols"},"_links":{"self":[{"href":"https:\/\/smfoods.pt\/loja\/wp-json\/wp\/v2\/product\/64998","targetHints":{"allow":["GET"]}}],"collection":[{"href":"https:\/\/smfoods.pt\/loja\/wp-json\/wp\/v2\/product"}],"about":[{"href":"https:\/\/smfoods.pt\/loja\/wp-json\/wp\/v2\/types\/product"}],"version-history":[{"count":2,"href":"https:\/\/smfoods.pt\/loja\/wp-json\/wp\/v2\/product\/64998\/revisions"}],"predecessor-version":[{"id":71131,"href":"https:\/\/smfoods.pt\/loja\/wp-json\/wp\/v2\/product\/64998\/revisions\/71131"}],"wp:featuredmedia":[{"embeddable":true,"href":"https:\/\/smfoods.pt\/loja\/wp-json\/wp\/v2\/media\/69821"}],"wp:attachment":[{"href":"https:\/\/smfoods.pt\/loja\/wp-json\/wp\/v2\/media?parent=64998"}],"wp:term":[{"taxonomy":"product_cat","embeddable":true,"href":"https:\/\/smfoods.pt\/loja\/wp-json\/wp\/v2\/product_cat?post=64998"},{"taxonomy":"product_tag","embeddable":true,"href":"https:\/\/smfoods.pt\/loja\/wp-json\/wp\/v2\/product_tag?post=64998"}],"curies":[{"name":"wp","href":"https:\/\/api.w.org\/{rel}","templated":true}]}}