
{"id":65037,"date":"2023-01-27T10:15:16","date_gmt":"2023-01-27T10:15:16","guid":{"rendered":"https:\/\/smfoods.pt\/loja\/produto\/535742-pincel-10-cm\/"},"modified":"2024-03-04T15:50:37","modified_gmt":"2024-03-04T15:50:37","slug":"535742-pincel-10-cm","status":"publish","type":"product","link":"https:\/\/smfoods.pt\/loja\/produto\/535742-pincel-10-cm\/","title":{"rendered":"Pincel 10 cm"},"content":{"rendered":"<p><strong>Observa\u00e7\u00f5es: <\/strong>Ideal para pincelar na pastelaria e restaura\u00e7\u00e3o.<\/p>\n","protected":false},"excerpt":{"rendered":"<p>Observa\u00e7\u00f5es: Ideal para pincelar na pastelaria e restaura\u00e7\u00e3o.<\/p>\n","protected":false},"featured_media":69899,"template":"","meta":[],"product_cat":[3024],"product_tag":[],"class_list":{"0":"post-65037","1":"product","2":"type-product","3":"status-publish","4":"has-post-thumbnail","6":"product_cat-pastelaria-utensilios-pinceis-e-vassouras","8":"first","9":"onbackorder","10":"taxable","11":"shipping-taxable","12":"product-type-simple","13":"add-to-wishlist-before_image","14":"col-xs-6 col-sm-4","15":"col-md-3 col-lg-3","16":"un-4-cols"},"_links":{"self":[{"href":"https:\/\/smfoods.pt\/loja\/wp-json\/wp\/v2\/product\/65037","targetHints":{"allow":["GET"]}}],"collection":[{"href":"https:\/\/smfoods.pt\/loja\/wp-json\/wp\/v2\/product"}],"about":[{"href":"https:\/\/smfoods.pt\/loja\/wp-json\/wp\/v2\/types\/product"}],"version-history":[{"count":1,"href":"https:\/\/smfoods.pt\/loja\/wp-json\/wp\/v2\/product\/65037\/revisions"}],"predecessor-version":[{"id":71876,"href":"https:\/\/smfoods.pt\/loja\/wp-json\/wp\/v2\/product\/65037\/revisions\/71876"}],"wp:featuredmedia":[{"embeddable":true,"href":"https:\/\/smfoods.pt\/loja\/wp-json\/wp\/v2\/media\/69899"}],"wp:attachment":[{"href":"https:\/\/smfoods.pt\/loja\/wp-json\/wp\/v2\/media?parent=65037"}],"wp:term":[{"taxonomy":"product_cat","embeddable":true,"href":"https:\/\/smfoods.pt\/loja\/wp-json\/wp\/v2\/product_cat?post=65037"},{"taxonomy":"product_tag","embeddable":true,"href":"https:\/\/smfoods.pt\/loja\/wp-json\/wp\/v2\/product_tag?post=65037"}],"curies":[{"name":"wp","href":"https:\/\/api.w.org\/{rel}","templated":true}]}}