
{"id":65051,"date":"2023-01-27T10:15:31","date_gmt":"2023-01-27T10:15:31","guid":{"rendered":"https:\/\/smfoods.pt\/loja\/produto\/53305-tarte-chocolate-e-coco-individual-100x60gr\/"},"modified":"2024-03-04T15:17:25","modified_gmt":"2024-03-04T15:17:25","slug":"53305-tarte-chocolate-e-coco-individual-100x60gr","status":"publish","type":"product","link":"https:\/\/smfoods.pt\/loja\/produto\/53305-tarte-chocolate-e-coco-individual-100x60gr\/","title":{"rendered":"Tarte Chocolate e Coco Individual 100x60gr"},"content":{"rendered":"<p><strong>Observa\u00e7\u00f5es: <\/strong>POR\u00c7\u00d5ES INDIVIDUAIS.<br \/>\nAut\u00eantico bolo que prima pela combina\u00e7\u00e3o de um delicioso bolo de chocolate e um recheio de coco. Esta sensa\u00e7\u00e3o de sabor \u00e9 acabada com<br \/>\numa deliciosa geleia e coco ralado. Modo de Prepara\u00e7\u00e3o: S\u00f3 descongelar<\/p>\n","protected":false},"excerpt":{"rendered":"<p>Observa\u00e7\u00f5es: POR\u00c7\u00d5ES INDIVIDUAIS. Aut\u00eantico bolo que prima pela combina\u00e7\u00e3o de um delicioso bolo de chocolate e um recheio de coco. Esta sensa\u00e7\u00e3o de sabor \u00e9 acabada com uma deliciosa geleia e coco ralado. Modo de Prepara\u00e7\u00e3o: S\u00f3 descongelar<\/p>\n","protected":false},"featured_media":69675,"template":"","meta":[],"product_cat":[],"product_tag":[],"class_list":{"0":"post-65051","1":"product","2":"type-product","3":"status-publish","4":"has-post-thumbnail","7":"first","8":"instock","9":"taxable","10":"shipping-taxable","11":"product-type-simple","12":"add-to-wishlist-before_image","13":"col-xs-6 col-sm-4","14":"col-md-3 col-lg-3","15":"un-4-cols"},"_links":{"self":[{"href":"https:\/\/smfoods.pt\/loja\/wp-json\/wp\/v2\/product\/65051","targetHints":{"allow":["GET"]}}],"collection":[{"href":"https:\/\/smfoods.pt\/loja\/wp-json\/wp\/v2\/product"}],"about":[{"href":"https:\/\/smfoods.pt\/loja\/wp-json\/wp\/v2\/types\/product"}],"version-history":[{"count":1,"href":"https:\/\/smfoods.pt\/loja\/wp-json\/wp\/v2\/product\/65051\/revisions"}],"predecessor-version":[{"id":71733,"href":"https:\/\/smfoods.pt\/loja\/wp-json\/wp\/v2\/product\/65051\/revisions\/71733"}],"wp:featuredmedia":[{"embeddable":true,"href":"https:\/\/smfoods.pt\/loja\/wp-json\/wp\/v2\/media\/69675"}],"wp:attachment":[{"href":"https:\/\/smfoods.pt\/loja\/wp-json\/wp\/v2\/media?parent=65051"}],"wp:term":[{"taxonomy":"product_cat","embeddable":true,"href":"https:\/\/smfoods.pt\/loja\/wp-json\/wp\/v2\/product_cat?post=65051"},{"taxonomy":"product_tag","embeddable":true,"href":"https:\/\/smfoods.pt\/loja\/wp-json\/wp\/v2\/product_tag?post=65051"}],"curies":[{"name":"wp","href":"https:\/\/api.w.org\/{rel}","templated":true}]}}