
{"id":65061,"date":"2023-01-27T10:15:44","date_gmt":"2023-01-27T10:15:44","guid":{"rendered":"https:\/\/smfoods.pt\/loja\/produto\/cco-caixa-coracao-colher-branca-25-unid\/"},"modified":"2024-03-04T15:34:37","modified_gmt":"2024-03-04T15:34:37","slug":"cco-caixa-coracao-colher-branca-25-unid","status":"publish","type":"product","link":"https:\/\/smfoods.pt\/loja\/produto\/cco-caixa-coracao-colher-branca-25-unid\/","title":{"rendered":"Caixa Cora\u00e7\u00e3o Colher Branca (25 unid)"},"content":{"rendered":"<p><strong>Observa\u00e7\u00f5es: <\/strong>Medida Caixa Exterior: 15 cm x 15cm x 7cm | Medida Orif\u00edcio do Ovo: 12cm x 10 cm | Peso do Ovo: +-250 Gr | Material: Cart\u00e3o e PVC.<\/p>\n","protected":false},"excerpt":{"rendered":"<p>Observa\u00e7\u00f5es: Medida Caixa Exterior: 15 cm x 15cm x 7cm | Medida Orif\u00edcio do Ovo: 12cm x 10 cm | Peso do Ovo: +-250 Gr | Material: Cart\u00e3o e PVC.<\/p>\n","protected":false},"featured_media":70115,"template":"","meta":[],"product_cat":[3047,2915],"product_tag":[],"class_list":{"0":"post-65061","1":"product","2":"type-product","3":"status-publish","4":"has-post-thumbnail","6":"product_cat-pastelaria-descartaveis-caixas-bolos","7":"product_cat-frozen-novidades","9":"first","10":"instock","11":"taxable","12":"shipping-taxable","13":"product-type-simple","14":"add-to-wishlist-before_image","15":"col-xs-6 col-sm-4","16":"col-md-3 col-lg-3","17":"un-4-cols"},"_links":{"self":[{"href":"https:\/\/smfoods.pt\/loja\/wp-json\/wp\/v2\/product\/65061","targetHints":{"allow":["GET"]}}],"collection":[{"href":"https:\/\/smfoods.pt\/loja\/wp-json\/wp\/v2\/product"}],"about":[{"href":"https:\/\/smfoods.pt\/loja\/wp-json\/wp\/v2\/types\/product"}],"version-history":[{"count":2,"href":"https:\/\/smfoods.pt\/loja\/wp-json\/wp\/v2\/product\/65061\/revisions"}],"predecessor-version":[{"id":71375,"href":"https:\/\/smfoods.pt\/loja\/wp-json\/wp\/v2\/product\/65061\/revisions\/71375"}],"wp:featuredmedia":[{"embeddable":true,"href":"https:\/\/smfoods.pt\/loja\/wp-json\/wp\/v2\/media\/70115"}],"wp:attachment":[{"href":"https:\/\/smfoods.pt\/loja\/wp-json\/wp\/v2\/media?parent=65061"}],"wp:term":[{"taxonomy":"product_cat","embeddable":true,"href":"https:\/\/smfoods.pt\/loja\/wp-json\/wp\/v2\/product_cat?post=65061"},{"taxonomy":"product_tag","embeddable":true,"href":"https:\/\/smfoods.pt\/loja\/wp-json\/wp\/v2\/product_tag?post=65061"}],"curies":[{"name":"wp","href":"https:\/\/api.w.org\/{rel}","templated":true}]}}