
{"id":65124,"date":"2023-01-27T10:16:45","date_gmt":"2023-01-27T10:16:45","guid":{"rendered":"https:\/\/smfoods.pt\/loja\/produto\/chd-ts-19950e0-999-bolas-trufa-chocolate-negro-dim-25-mm-504-unid\/"},"modified":"2024-03-04T15:05:19","modified_gmt":"2024-03-04T15:05:19","slug":"chd-ts-19950e0-999-bolas-trufa-chocolate-negro-dim-25-mm-504-unid","status":"publish","type":"product","link":"https:\/\/smfoods.pt\/loja\/produto\/chd-ts-19950e0-999-bolas-trufa-chocolate-negro-dim-25-mm-504-unid\/","title":{"rendered":"Bolas trufa Chocolate Negro Dim. 25 MM (504 Unid)"},"content":{"rendered":"<p><strong>Observa\u00e7\u00f5es: <\/strong>Ingredientes:  A\u00e7ucar, pasta de cacau, manteiga de cacau, emulsionane: lecitina de <strong>soj<\/strong>a, aroma natural de baunilha. Cocoa Horizons Foundation<\/p>\n<p>Chocolate Negro <strong>(min 52,7% Cacau)<\/strong><\/p>\n<p>Peso: 1,34 Kg<\/p>\n","protected":false},"excerpt":{"rendered":"<p>Observa\u00e7\u00f5es: Ingredientes: A\u00e7ucar, pasta de cacau, manteiga de cacau, emulsionane: lecitina de soja, aroma natural de baunilha. Cocoa Horizons Foundation Chocolate Negro (min 52,7% Cacau) Peso: 1,34 Kg<\/p>\n","protected":false},"featured_media":70123,"template":"","meta":[],"product_cat":[3054],"product_tag":[],"class_list":{"0":"post-65124","1":"product","2":"type-product","3":"status-publish","4":"has-post-thumbnail","6":"product_cat-pastelaria-chocolates-e-sucedaneos-decoracoes-chocolate","8":"first","9":"instock","10":"taxable","11":"shipping-taxable","12":"product-type-simple","13":"add-to-wishlist-before_image","14":"col-xs-6 col-sm-4","15":"col-md-3 col-lg-3","16":"un-4-cols"},"_links":{"self":[{"href":"https:\/\/smfoods.pt\/loja\/wp-json\/wp\/v2\/product\/65124","targetHints":{"allow":["GET"]}}],"collection":[{"href":"https:\/\/smfoods.pt\/loja\/wp-json\/wp\/v2\/product"}],"about":[{"href":"https:\/\/smfoods.pt\/loja\/wp-json\/wp\/v2\/types\/product"}],"version-history":[{"count":2,"href":"https:\/\/smfoods.pt\/loja\/wp-json\/wp\/v2\/product\/65124\/revisions"}],"predecessor-version":[{"id":71743,"href":"https:\/\/smfoods.pt\/loja\/wp-json\/wp\/v2\/product\/65124\/revisions\/71743"}],"wp:featuredmedia":[{"embeddable":true,"href":"https:\/\/smfoods.pt\/loja\/wp-json\/wp\/v2\/media\/70123"}],"wp:attachment":[{"href":"https:\/\/smfoods.pt\/loja\/wp-json\/wp\/v2\/media?parent=65124"}],"wp:term":[{"taxonomy":"product_cat","embeddable":true,"href":"https:\/\/smfoods.pt\/loja\/wp-json\/wp\/v2\/product_cat?post=65124"},{"taxonomy":"product_tag","embeddable":true,"href":"https:\/\/smfoods.pt\/loja\/wp-json\/wp\/v2\/product_tag?post=65124"}],"curies":[{"name":"wp","href":"https:\/\/api.w.org\/{rel}","templated":true}]}}