
{"id":65138,"date":"2023-01-27T10:16:58","date_gmt":"2023-01-27T10:16:58","guid":{"rendered":"https:\/\/smfoods.pt\/loja\/produto\/chk-25-22392e0-999-ovos-dourados-relief-eggs-gold-caramel-monalisa-153-unid\/"},"modified":"2024-03-04T15:40:27","modified_gmt":"2024-03-04T15:40:27","slug":"chk-25-22392e0-999-ovos-dourados-relief-eggs-gold-caramel-monalisa-153-unid","status":"publish","type":"product","link":"https:\/\/smfoods.pt\/loja\/produto\/chk-25-22392e0-999-ovos-dourados-relief-eggs-gold-caramel-monalisa-153-unid\/","title":{"rendered":"Ovos Dourados\/ Relief Eggs Gold Caramel Monalisa 153 unid."},"content":{"rendered":"<p><strong>Observa\u00e7\u00f5es: <\/strong>Ovo para decora\u00e7\u00e3o com o chocolate Gold.<br \/>\nDimens\u00f5es: 30 mm x 22mm<\/p>\n","protected":false},"excerpt":{"rendered":"<p>Observa\u00e7\u00f5es: Ovo para decora\u00e7\u00e3o com o chocolate Gold. Dimens\u00f5es: 30 mm x 22mm<\/p>\n","protected":false},"featured_media":69782,"template":"","meta":[],"product_cat":[3054,2918],"product_tag":[],"class_list":{"0":"post-65138","1":"product","2":"type-product","3":"status-publish","4":"has-post-thumbnail","6":"product_cat-pastelaria-chocolates-e-sucedaneos-decoracoes-chocolate","7":"product_cat-pastelaria-pascoa","9":"first","10":"instock","11":"taxable","12":"shipping-taxable","13":"product-type-simple","14":"add-to-wishlist-before_image","15":"col-xs-6 col-sm-4","16":"col-md-3 col-lg-3","17":"un-4-cols"},"_links":{"self":[{"href":"https:\/\/smfoods.pt\/loja\/wp-json\/wp\/v2\/product\/65138","targetHints":{"allow":["GET"]}}],"collection":[{"href":"https:\/\/smfoods.pt\/loja\/wp-json\/wp\/v2\/product"}],"about":[{"href":"https:\/\/smfoods.pt\/loja\/wp-json\/wp\/v2\/types\/product"}],"version-history":[{"count":1,"href":"https:\/\/smfoods.pt\/loja\/wp-json\/wp\/v2\/product\/65138\/revisions"}],"predecessor-version":[{"id":71236,"href":"https:\/\/smfoods.pt\/loja\/wp-json\/wp\/v2\/product\/65138\/revisions\/71236"}],"wp:featuredmedia":[{"embeddable":true,"href":"https:\/\/smfoods.pt\/loja\/wp-json\/wp\/v2\/media\/69782"}],"wp:attachment":[{"href":"https:\/\/smfoods.pt\/loja\/wp-json\/wp\/v2\/media?parent=65138"}],"wp:term":[{"taxonomy":"product_cat","embeddable":true,"href":"https:\/\/smfoods.pt\/loja\/wp-json\/wp\/v2\/product_cat?post=65138"},{"taxonomy":"product_tag","embeddable":true,"href":"https:\/\/smfoods.pt\/loja\/wp-json\/wp\/v2\/product_tag?post=65138"}],"curies":[{"name":"wp","href":"https:\/\/api.w.org\/{rel}","templated":true}]}}