
{"id":65223,"date":"2023-01-27T10:18:21","date_gmt":"2023-01-27T10:18:21","guid":{"rendered":"https:\/\/smfoods.pt\/loja\/produto\/mac326s-molde-polietileno-sapato-senhora-grande\/"},"modified":"2024-03-04T15:06:45","modified_gmt":"2024-03-04T15:06:45","slug":"mac326s-molde-polietileno-sapato-senhora-grande","status":"publish","type":"product","link":"https:\/\/smfoods.pt\/loja\/produto\/mac326s-molde-polietileno-sapato-senhora-grande\/","title":{"rendered":"Molde Poli\u00e9tileno Sapato Senhora Grande"},"content":{"rendered":"<p><strong>Observa\u00e7\u00f5es: <\/strong>Medidas: 220\u00d785 h165 mm.<br \/>\nCada Molde faz 1 sapato 375 gr.<br \/>\nEste molde \u00e9 constituido por duas meias partes que prendem com \u00edman.<\/p>\n","protected":false},"excerpt":{"rendered":"<p>Observa\u00e7\u00f5es: Medidas: 220\u00d785 h165 mm. Cada Molde faz 1 sapato 375 gr. Este molde \u00e9 constituido por duas meias partes que prendem com \u00edman.<\/p>\n","protected":false},"featured_media":69755,"template":"","meta":[],"product_cat":[2975],"product_tag":[],"class_list":{"0":"post-65223","1":"product","2":"type-product","3":"status-publish","4":"has-post-thumbnail","6":"product_cat-pastelaria-moldes","8":"first","9":"instock","10":"taxable","11":"shipping-taxable","12":"product-type-simple","13":"add-to-wishlist-before_image","14":"col-xs-6 col-sm-4","15":"col-md-3 col-lg-3","16":"un-4-cols"},"_links":{"self":[{"href":"https:\/\/smfoods.pt\/loja\/wp-json\/wp\/v2\/product\/65223","targetHints":{"allow":["GET"]}}],"collection":[{"href":"https:\/\/smfoods.pt\/loja\/wp-json\/wp\/v2\/product"}],"about":[{"href":"https:\/\/smfoods.pt\/loja\/wp-json\/wp\/v2\/types\/product"}],"version-history":[{"count":1,"href":"https:\/\/smfoods.pt\/loja\/wp-json\/wp\/v2\/product\/65223\/revisions"}],"predecessor-version":[{"id":71749,"href":"https:\/\/smfoods.pt\/loja\/wp-json\/wp\/v2\/product\/65223\/revisions\/71749"}],"wp:featuredmedia":[{"embeddable":true,"href":"https:\/\/smfoods.pt\/loja\/wp-json\/wp\/v2\/media\/69755"}],"wp:attachment":[{"href":"https:\/\/smfoods.pt\/loja\/wp-json\/wp\/v2\/media?parent=65223"}],"wp:term":[{"taxonomy":"product_cat","embeddable":true,"href":"https:\/\/smfoods.pt\/loja\/wp-json\/wp\/v2\/product_cat?post=65223"},{"taxonomy":"product_tag","embeddable":true,"href":"https:\/\/smfoods.pt\/loja\/wp-json\/wp\/v2\/product_tag?post=65223"}],"curies":[{"name":"wp","href":"https:\/\/api.w.org\/{rel}","templated":true}]}}