
{"id":65258,"date":"2023-01-27T10:19:00","date_gmt":"2023-01-27T10:19:00","guid":{"rendered":"https:\/\/smfoods.pt\/loja\/produto\/art125re-art125re-taca-de-vidro\/"},"modified":"2024-03-04T15:33:06","modified_gmt":"2024-03-04T15:33:06","slug":"art125re-art125re-taca-de-vidro","status":"publish","type":"product","link":"https:\/\/smfoods.pt\/loja\/produto\/art125re-art125re-taca-de-vidro\/","title":{"rendered":"ART.125RE Ta\u00e7a de Vidro"},"content":{"rendered":"<p><strong>Observa\u00e7\u00f5es: <\/strong>Ta\u00e7a de Vidro. Medidas:18,5\u00d712,5cm<\/p>\n","protected":false},"excerpt":{"rendered":"<p>Observa\u00e7\u00f5es: Ta\u00e7a de Vidro. Medidas:18,5\u00d712,5cm<\/p>\n","protected":false},"featured_media":70381,"template":"","meta":[],"product_cat":[3008],"product_tag":[],"class_list":{"0":"post-65258","1":"product","2":"type-product","3":"status-publish","4":"has-post-thumbnail","6":"product_cat-gelataria-acessorios","8":"first","9":"onbackorder","10":"taxable","11":"shipping-taxable","12":"product-type-simple","13":"add-to-wishlist-before_image","14":"col-xs-6 col-sm-4","15":"col-md-3 col-lg-3","16":"un-4-cols"},"_links":{"self":[{"href":"https:\/\/smfoods.pt\/loja\/wp-json\/wp\/v2\/product\/65258","targetHints":{"allow":["GET"]}}],"collection":[{"href":"https:\/\/smfoods.pt\/loja\/wp-json\/wp\/v2\/product"}],"about":[{"href":"https:\/\/smfoods.pt\/loja\/wp-json\/wp\/v2\/types\/product"}],"version-history":[{"count":1,"href":"https:\/\/smfoods.pt\/loja\/wp-json\/wp\/v2\/product\/65258\/revisions"}],"predecessor-version":[{"id":71798,"href":"https:\/\/smfoods.pt\/loja\/wp-json\/wp\/v2\/product\/65258\/revisions\/71798"}],"wp:featuredmedia":[{"embeddable":true,"href":"https:\/\/smfoods.pt\/loja\/wp-json\/wp\/v2\/media\/70381"}],"wp:attachment":[{"href":"https:\/\/smfoods.pt\/loja\/wp-json\/wp\/v2\/media?parent=65258"}],"wp:term":[{"taxonomy":"product_cat","embeddable":true,"href":"https:\/\/smfoods.pt\/loja\/wp-json\/wp\/v2\/product_cat?post=65258"},{"taxonomy":"product_tag","embeddable":true,"href":"https:\/\/smfoods.pt\/loja\/wp-json\/wp\/v2\/product_tag?post=65258"}],"curies":[{"name":"wp","href":"https:\/\/api.w.org\/{rel}","templated":true}]}}

ART.125RE Taça de Vidro

<p><strong>Observações: </strong>Taça de Vidro. Medidas:18,5×12,5cm</p>

<p>Observações: Taça de Vidro. Medidas:18,5×12,5cm</p>
