
{"id":65260,"date":"2023-01-27T10:19:02","date_gmt":"2023-01-27T10:19:02","guid":{"rendered":"https:\/\/smfoods.pt\/loja\/produto\/art149re-art-149-re-taca-vidro-6unid\/"},"modified":"2024-03-04T15:57:35","modified_gmt":"2024-03-04T15:57:35","slug":"art149re-art-149re-taca-vidro-6unid","status":"publish","type":"product","link":"https:\/\/smfoods.pt\/loja\/produto\/art149re-art-149re-taca-vidro-6unid\/","title":{"rendered":"Art. 149\/RE Ta\u00e7a Vidro (6unid)"},"content":{"rendered":"<p><strong>Observa\u00e7\u00f5es: <\/strong>Ta\u00e7a de Vidro. Medidas: 14\u00d713,6cm<\/p>\n","protected":false},"excerpt":{"rendered":"<p>Observa\u00e7\u00f5es: Ta\u00e7a de Vidro. Medidas: 14\u00d713,6cm<\/p>\n","protected":false},"featured_media":69707,"template":"","meta":[],"product_cat":[3008],"product_tag":[],"class_list":{"0":"post-65260","1":"product","2":"type-product","3":"status-publish","4":"has-post-thumbnail","6":"product_cat-gelataria-acessorios","8":"first","9":"instock","10":"taxable","11":"shipping-taxable","12":"product-type-simple","13":"add-to-wishlist-before_image","14":"col-xs-6 col-sm-4","15":"col-md-3 col-lg-3","16":"un-4-cols"},"_links":{"self":[{"href":"https:\/\/smfoods.pt\/loja\/wp-json\/wp\/v2\/product\/65260","targetHints":{"allow":["GET"]}}],"collection":[{"href":"https:\/\/smfoods.pt\/loja\/wp-json\/wp\/v2\/product"}],"about":[{"href":"https:\/\/smfoods.pt\/loja\/wp-json\/wp\/v2\/types\/product"}],"version-history":[{"count":2,"href":"https:\/\/smfoods.pt\/loja\/wp-json\/wp\/v2\/product\/65260\/revisions"}],"predecessor-version":[{"id":71874,"href":"https:\/\/smfoods.pt\/loja\/wp-json\/wp\/v2\/product\/65260\/revisions\/71874"}],"wp:featuredmedia":[{"embeddable":true,"href":"https:\/\/smfoods.pt\/loja\/wp-json\/wp\/v2\/media\/69707"}],"wp:attachment":[{"href":"https:\/\/smfoods.pt\/loja\/wp-json\/wp\/v2\/media?parent=65260"}],"wp:term":[{"taxonomy":"product_cat","embeddable":true,"href":"https:\/\/smfoods.pt\/loja\/wp-json\/wp\/v2\/product_cat?post=65260"},{"taxonomy":"product_tag","embeddable":true,"href":"https:\/\/smfoods.pt\/loja\/wp-json\/wp\/v2\/product_tag?post=65260"}],"curies":[{"name":"wp","href":"https:\/\/api.w.org\/{rel}","templated":true}]}}