
{"id":65266,"date":"2023-01-27T10:19:08","date_gmt":"2023-01-27T10:19:08","guid":{"rendered":"https:\/\/smfoods.pt\/loja\/produto\/art263a-art-263-a-taca-vidro-6unid\/"},"modified":"2024-03-04T15:33:11","modified_gmt":"2024-03-04T15:33:11","slug":"art263a-art-263a-taca-vidro-6unid","status":"publish","type":"product","link":"https:\/\/smfoods.pt\/loja\/produto\/art263a-art-263a-taca-vidro-6unid\/","title":{"rendered":"Art. 263\/A Ta\u00e7a Vidro (6unid)"},"content":{"rendered":"<p><strong>Observa\u00e7\u00f5es: <\/strong>Ta\u00e7a de Vidro. Medidas:20,7\u00d711,4cm<\/p>\n","protected":false},"excerpt":{"rendered":"<p>Observa\u00e7\u00f5es: Ta\u00e7a de Vidro. Medidas:20,7\u00d711,4cm<\/p>\n","protected":false},"featured_media":70383,"template":"","meta":[],"product_cat":[3008],"product_tag":[],"class_list":{"0":"post-65266","1":"product","2":"type-product","3":"status-publish","4":"has-post-thumbnail","6":"product_cat-gelataria-acessorios","8":"first","9":"instock","10":"taxable","11":"shipping-taxable","12":"product-type-simple","13":"add-to-wishlist-before_image","14":"col-xs-6 col-sm-4","15":"col-md-3 col-lg-3","16":"un-4-cols"},"_links":{"self":[{"href":"https:\/\/smfoods.pt\/loja\/wp-json\/wp\/v2\/product\/65266","targetHints":{"allow":["GET"]}}],"collection":[{"href":"https:\/\/smfoods.pt\/loja\/wp-json\/wp\/v2\/product"}],"about":[{"href":"https:\/\/smfoods.pt\/loja\/wp-json\/wp\/v2\/types\/product"}],"version-history":[{"count":2,"href":"https:\/\/smfoods.pt\/loja\/wp-json\/wp\/v2\/product\/65266\/revisions"}],"predecessor-version":[{"id":71800,"href":"https:\/\/smfoods.pt\/loja\/wp-json\/wp\/v2\/product\/65266\/revisions\/71800"}],"wp:featuredmedia":[{"embeddable":true,"href":"https:\/\/smfoods.pt\/loja\/wp-json\/wp\/v2\/media\/70383"}],"wp:attachment":[{"href":"https:\/\/smfoods.pt\/loja\/wp-json\/wp\/v2\/media?parent=65266"}],"wp:term":[{"taxonomy":"product_cat","embeddable":true,"href":"https:\/\/smfoods.pt\/loja\/wp-json\/wp\/v2\/product_cat?post=65266"},{"taxonomy":"product_tag","embeddable":true,"href":"https:\/\/smfoods.pt\/loja\/wp-json\/wp\/v2\/product_tag?post=65266"}],"curies":[{"name":"wp","href":"https:\/\/api.w.org\/{rel}","templated":true}]}}

Art. 263/A Taça Vidro (6unid)

<p><strong>Observações: </strong>Taça de Vidro. Medidas:20,7×11,4cm</p>

<p>Observações: Taça de Vidro. Medidas:20,7×11,4cm</p>
