
{"id":65388,"date":"2023-01-27T10:21:12","date_gmt":"2023-01-27T10:21:12","guid":{"rendered":"https:\/\/smfoods.pt\/loja\/produto\/ncl-4c501-by-654-grand-caraque-pasta-cacau-pura-cacao-barry-3-kg\/"},"modified":"2024-03-04T15:54:32","modified_gmt":"2024-03-04T15:54:32","slug":"ncl-4c501-by-654-grand-caraque-pasta-cacau-pura-cacao-barry-3-kg","status":"publish","type":"product","link":"https:\/\/smfoods.pt\/loja\/produto\/ncl-4c501-by-654-grand-caraque-pasta-cacau-pura-cacao-barry-3-kg\/","title":{"rendered":"Grand Caraque (Pasta Cacau Pura) Cacao Barry 3 Kg"},"content":{"rendered":"<p><strong>Observa\u00e7\u00f5es: <\/strong>Pasta de cacao pura (100%) que adiciona \u00e0s ganaches um intenso sabor a chocolate e reduz o sabor doce.<br \/>\n100% cacau | 53% Manteiga Cacau<\/p>\n","protected":false},"excerpt":{"rendered":"<p>Observa\u00e7\u00f5es: Pasta de cacao pura (100%) que adiciona \u00e0s ganaches um intenso sabor a chocolate e reduz o sabor doce. 100% cacau | 53% Manteiga Cacau<\/p>\n","protected":false},"featured_media":69946,"template":"","meta":[],"product_cat":[],"product_tag":[],"class_list":{"0":"post-65388","1":"product","2":"type-product","3":"status-publish","4":"has-post-thumbnail","7":"first","8":"instock","9":"taxable","10":"shipping-taxable","11":"product-type-simple","12":"add-to-wishlist-before_image","13":"col-xs-6 col-sm-4","14":"col-md-3 col-lg-3","15":"un-4-cols"},"_links":{"self":[{"href":"https:\/\/smfoods.pt\/loja\/wp-json\/wp\/v2\/product\/65388","targetHints":{"allow":["GET"]}}],"collection":[{"href":"https:\/\/smfoods.pt\/loja\/wp-json\/wp\/v2\/product"}],"about":[{"href":"https:\/\/smfoods.pt\/loja\/wp-json\/wp\/v2\/types\/product"}],"version-history":[{"count":2,"href":"https:\/\/smfoods.pt\/loja\/wp-json\/wp\/v2\/product\/65388\/revisions"}],"predecessor-version":[{"id":71297,"href":"https:\/\/smfoods.pt\/loja\/wp-json\/wp\/v2\/product\/65388\/revisions\/71297"}],"wp:featuredmedia":[{"embeddable":true,"href":"https:\/\/smfoods.pt\/loja\/wp-json\/wp\/v2\/media\/69946"}],"wp:attachment":[{"href":"https:\/\/smfoods.pt\/loja\/wp-json\/wp\/v2\/media?parent=65388"}],"wp:term":[{"taxonomy":"product_cat","embeddable":true,"href":"https:\/\/smfoods.pt\/loja\/wp-json\/wp\/v2\/product_cat?post=65388"},{"taxonomy":"product_tag","embeddable":true,"href":"https:\/\/smfoods.pt\/loja\/wp-json\/wp\/v2\/product_tag?post=65388"}],"curies":[{"name":"wp","href":"https:\/\/api.w.org\/{rel}","templated":true}]}}