
{"id":65446,"date":"2023-01-27T10:22:11","date_gmt":"2023-01-27T10:22:11","guid":{"rendered":"https:\/\/smfoods.pt\/loja\/produto\/910001020-alheiras-cx-3kg-smfoods\/"},"modified":"2024-03-04T15:36:30","modified_gmt":"2024-03-04T15:36:30","slug":"910001020-alheiras-cx-3kg-smfoods","status":"publish","type":"product","link":"https:\/\/smfoods.pt\/loja\/produto\/910001020-alheiras-cx-3kg-smfoods\/","title":{"rendered":"Alheiras Cx 3kg. SMFOODS"},"content":{"rendered":"<p><strong>Observa\u00e7\u00f5es: <\/strong>Caixa com 2 sacos com 1,5 Kg cada saco (+- 14 alheiras de 215gr).<br \/>\nIngredientes: P\u00e3o de TRIGO, galinha, carne e gordura de suino, alho, sal, piment\u00e3o, malagueta.<br \/>\nCont\u00e9m: cereais com GLUTEN.<br \/>\nConservar de entre 0 e 5\u00ba.<\/p>\n","protected":false},"excerpt":{"rendered":"<p>Observa\u00e7\u00f5es: Caixa com 2 sacos com 1,5 Kg cada saco (+- 14 alheiras de 215gr). Ingredientes: P\u00e3o de TRIGO, galinha, carne e gordura de suino, alho, sal, piment\u00e3o, malagueta. Cont\u00e9m: cereais com GLUTEN. Conservar de entre 0 e 5\u00ba.<\/p>\n","protected":false},"featured_media":69842,"template":"","meta":[],"product_cat":[2935],"product_tag":[],"class_list":{"0":"post-65446","1":"product","2":"type-product","3":"status-publish","4":"has-post-thumbnail","6":"product_cat-restauracao-charcutaria","8":"first","9":"instock","10":"taxable","11":"shipping-taxable","12":"product-type-simple","13":"add-to-wishlist-before_image","14":"col-xs-6 col-sm-4","15":"col-md-3 col-lg-3","16":"un-4-cols"},"_links":{"self":[{"href":"https:\/\/smfoods.pt\/loja\/wp-json\/wp\/v2\/product\/65446","targetHints":{"allow":["GET"]}}],"collection":[{"href":"https:\/\/smfoods.pt\/loja\/wp-json\/wp\/v2\/product"}],"about":[{"href":"https:\/\/smfoods.pt\/loja\/wp-json\/wp\/v2\/types\/product"}],"version-history":[{"count":1,"href":"https:\/\/smfoods.pt\/loja\/wp-json\/wp\/v2\/product\/65446\/revisions"}],"predecessor-version":[{"id":71189,"href":"https:\/\/smfoods.pt\/loja\/wp-json\/wp\/v2\/product\/65446\/revisions\/71189"}],"wp:featuredmedia":[{"embeddable":true,"href":"https:\/\/smfoods.pt\/loja\/wp-json\/wp\/v2\/media\/69842"}],"wp:attachment":[{"href":"https:\/\/smfoods.pt\/loja\/wp-json\/wp\/v2\/media?parent=65446"}],"wp:term":[{"taxonomy":"product_cat","embeddable":true,"href":"https:\/\/smfoods.pt\/loja\/wp-json\/wp\/v2\/product_cat?post=65446"},{"taxonomy":"product_tag","embeddable":true,"href":"https:\/\/smfoods.pt\/loja\/wp-json\/wp\/v2\/product_tag?post=65446"}],"curies":[{"name":"wp","href":"https:\/\/api.w.org\/{rel}","templated":true}]}}