
{"id":65481,"date":"2023-01-27T10:22:46","date_gmt":"2023-01-27T10:22:46","guid":{"rendered":"https:\/\/smfoods.pt\/loja\/produto\/7452311847-chourico-carne-corrente-dihor-1-kg\/"},"modified":"2023-03-27T15:39:42","modified_gmt":"2023-03-27T15:39:42","slug":"7452311847-chourico-carne-corrente-dihor-1-kg","status":"publish","type":"product","link":"https:\/\/smfoods.pt\/loja\/produto\/7452311847-chourico-carne-corrente-dihor-1-kg\/","title":{"rendered":"Chouri\u00e7o Carne Corrente DIHOR 1 Kg"},"content":{"rendered":"<p><strong>Observa\u00e7\u00f5es: <\/strong><\/p>\n","protected":false},"excerpt":{"rendered":"<p>Observa\u00e7\u00f5es:<\/p>\n","protected":false},"featured_media":69892,"template":"","meta":[],"product_cat":[2935],"product_tag":[],"class_list":{"0":"post-65481","1":"product","2":"type-product","3":"status-publish","4":"has-post-thumbnail","6":"product_cat-restauracao-charcutaria","8":"first","9":"onbackorder","10":"taxable","11":"shipping-taxable","12":"product-type-simple","13":"add-to-wishlist-before_image","14":"col-xs-6 col-sm-4","15":"col-md-3 col-lg-3","16":"un-4-cols"},"_links":{"self":[{"href":"https:\/\/smfoods.pt\/loja\/wp-json\/wp\/v2\/product\/65481","targetHints":{"allow":["GET"]}}],"collection":[{"href":"https:\/\/smfoods.pt\/loja\/wp-json\/wp\/v2\/product"}],"about":[{"href":"https:\/\/smfoods.pt\/loja\/wp-json\/wp\/v2\/types\/product"}],"version-history":[{"count":1,"href":"https:\/\/smfoods.pt\/loja\/wp-json\/wp\/v2\/product\/65481\/revisions"}],"predecessor-version":[{"id":71756,"href":"https:\/\/smfoods.pt\/loja\/wp-json\/wp\/v2\/product\/65481\/revisions\/71756"}],"wp:featuredmedia":[{"embeddable":true,"href":"https:\/\/smfoods.pt\/loja\/wp-json\/wp\/v2\/media\/69892"}],"wp:attachment":[{"href":"https:\/\/smfoods.pt\/loja\/wp-json\/wp\/v2\/media?parent=65481"}],"wp:term":[{"taxonomy":"product_cat","embeddable":true,"href":"https:\/\/smfoods.pt\/loja\/wp-json\/wp\/v2\/product_cat?post=65481"},{"taxonomy":"product_tag","embeddable":true,"href":"https:\/\/smfoods.pt\/loja\/wp-json\/wp\/v2\/product_tag?post=65481"}],"curies":[{"name":"wp","href":"https:\/\/api.w.org\/{rel}","templated":true}]}}