
{"id":65810,"date":"2023-01-27T10:28:05","date_gmt":"2023-01-27T10:28:05","guid":{"rendered":"https:\/\/smfoods.pt\/loja\/produto\/kitmonamour-molde-coracao-silicone-1-unid\/"},"modified":"2024-03-04T15:33:18","modified_gmt":"2024-03-04T15:33:18","slug":"kitmonamour-molde-coracao-silicone-1-unid","status":"publish","type":"product","link":"https:\/\/smfoods.pt\/loja\/produto\/kitmonamour-molde-coracao-silicone-1-unid\/","title":{"rendered":"Molde cora\u00e7\u00e3o silicone (1 unid)"},"content":{"rendered":"<p><strong>Observa\u00e7\u00f5es: <\/strong>Molde cora\u00e7\u00e3o tipo Franc\u00eas, constituido por duas pe\u00e7as (base mais cora\u00e7\u00e3o).<\/p>\n","protected":false},"excerpt":{"rendered":"<p>Observa\u00e7\u00f5es: Molde cora\u00e7\u00e3o tipo Franc\u00eas, constituido por duas pe\u00e7as (base mais cora\u00e7\u00e3o).<\/p>\n","protected":false},"featured_media":70374,"template":"","meta":[],"product_cat":[2975,2915,2921,3114],"product_tag":[],"class_list":{"0":"post-65810","1":"product","2":"type-product","3":"status-publish","4":"has-post-thumbnail","6":"product_cat-pastelaria-moldes","7":"product_cat-frozen-novidades","8":"product_cat-pastelaria-novidades","9":"product_cat-pastelaria-s-valentim","11":"first","12":"onbackorder","13":"taxable","14":"shipping-taxable","15":"product-type-simple","16":"add-to-wishlist-before_image","17":"col-xs-6 col-sm-4","18":"col-md-3 col-lg-3","19":"un-4-cols"},"_links":{"self":[{"href":"https:\/\/smfoods.pt\/loja\/wp-json\/wp\/v2\/product\/65810","targetHints":{"allow":["GET"]}}],"collection":[{"href":"https:\/\/smfoods.pt\/loja\/wp-json\/wp\/v2\/product"}],"about":[{"href":"https:\/\/smfoods.pt\/loja\/wp-json\/wp\/v2\/types\/product"}],"version-history":[{"count":2,"href":"https:\/\/smfoods.pt\/loja\/wp-json\/wp\/v2\/product\/65810\/revisions"}],"predecessor-version":[{"id":72781,"href":"https:\/\/smfoods.pt\/loja\/wp-json\/wp\/v2\/product\/65810\/revisions\/72781"}],"wp:featuredmedia":[{"embeddable":true,"href":"https:\/\/smfoods.pt\/loja\/wp-json\/wp\/v2\/media\/70374"}],"wp:attachment":[{"href":"https:\/\/smfoods.pt\/loja\/wp-json\/wp\/v2\/media?parent=65810"}],"wp:term":[{"taxonomy":"product_cat","embeddable":true,"href":"https:\/\/smfoods.pt\/loja\/wp-json\/wp\/v2\/product_cat?post=65810"},{"taxonomy":"product_tag","embeddable":true,"href":"https:\/\/smfoods.pt\/loja\/wp-json\/wp\/v2\/product_tag?post=65810"}],"curies":[{"name":"wp","href":"https:\/\/api.w.org\/{rel}","templated":true}]}}