
{"id":65863,"date":"2023-01-27T10:29:05","date_gmt":"2023-01-27T10:29:05","guid":{"rendered":"https:\/\/smfoods.pt\/loja\/produto\/10231710-burguer-bun-6-sementes-24x100-gr\/"},"modified":"2024-03-04T15:26:48","modified_gmt":"2024-03-04T15:26:48","slug":"10231710-burguer-bun-6-sementes-24x100-gr","status":"publish","type":"product","link":"https:\/\/smfoods.pt\/loja\/produto\/10231710-burguer-bun-6-sementes-24x100-gr\/","title":{"rendered":"Burguer Bun 6 Sementes 24&#215;100 gr"},"content":{"rendered":"<p><strong>Observa\u00e7\u00f5es: <\/strong>Modo de Prepara\u00e7\u00e3o: S\u00f3 Descongelar<br \/>\nDelicioso Hamburguer de 6 sementes ancestrais, polvilhado com centeio integral de gr\u00e3o grosso. J\u00e1 est\u00e1 pr\u00e9-cortado.<\/p>\n","protected":false},"excerpt":{"rendered":"<p>Observa\u00e7\u00f5es: Modo de Prepara\u00e7\u00e3o: S\u00f3 Descongelar Delicioso Hamburguer de 6 sementes ancestrais, polvilhado com centeio integral de gr\u00e3o grosso. J\u00e1 est\u00e1 pr\u00e9-cortado.<\/p>\n","protected":false},"featured_media":69436,"template":"","meta":[],"product_cat":[3084],"product_tag":[],"class_list":{"0":"post-65863","1":"product","2":"type-product","3":"status-publish","4":"has-post-thumbnail","6":"product_cat-frozen-padaria-pao-especial","8":"first","9":"instock","10":"taxable","11":"shipping-taxable","12":"product-type-simple","13":"add-to-wishlist-before_image","14":"col-xs-6 col-sm-4","15":"col-md-3 col-lg-3","16":"un-4-cols"},"_links":{"self":[{"href":"https:\/\/smfoods.pt\/loja\/wp-json\/wp\/v2\/product\/65863","targetHints":{"allow":["GET"]}}],"collection":[{"href":"https:\/\/smfoods.pt\/loja\/wp-json\/wp\/v2\/product"}],"about":[{"href":"https:\/\/smfoods.pt\/loja\/wp-json\/wp\/v2\/types\/product"}],"version-history":[{"count":1,"href":"https:\/\/smfoods.pt\/loja\/wp-json\/wp\/v2\/product\/65863\/revisions"}],"predecessor-version":[{"id":71018,"href":"https:\/\/smfoods.pt\/loja\/wp-json\/wp\/v2\/product\/65863\/revisions\/71018"}],"wp:featuredmedia":[{"embeddable":true,"href":"https:\/\/smfoods.pt\/loja\/wp-json\/wp\/v2\/media\/69436"}],"wp:attachment":[{"href":"https:\/\/smfoods.pt\/loja\/wp-json\/wp\/v2\/media?parent=65863"}],"wp:term":[{"taxonomy":"product_cat","embeddable":true,"href":"https:\/\/smfoods.pt\/loja\/wp-json\/wp\/v2\/product_cat?post=65863"},{"taxonomy":"product_tag","embeddable":true,"href":"https:\/\/smfoods.pt\/loja\/wp-json\/wp\/v2\/product_tag?post=65863"}],"curies":[{"name":"wp","href":"https:\/\/api.w.org\/{rel}","templated":true}]}}