
{"id":67011,"date":"2023-01-27T14:51:30","date_gmt":"2023-01-27T14:51:30","guid":{"rendered":"https:\/\/smfoods.pt\/loja\/produto\/12090021-cacao-2022-gelati-sc-25kg\/"},"modified":"2023-03-27T14:48:33","modified_gmt":"2023-03-27T14:48:33","slug":"12090021-cacao-2022-gelati-sc-25kg","status":"publish","type":"product","link":"https:\/\/smfoods.pt\/loja\/produto\/12090021-cacao-2022-gelati-sc-25kg\/","title":{"rendered":"Cacao 20\/22 Gelati Sc 25Kg"},"content":{"rendered":"<p><strong style=\"color:red\">348.75\u20ac Pre\u00e7o sem desconto<\/strong> <br \/><strong>Observa\u00e7\u00f5es: <\/strong><\/p>\n","protected":false},"excerpt":{"rendered":"<p>348.75\u20ac Pre\u00e7o sem desconto Observa\u00e7\u00f5es:<\/p>\n","protected":false},"featured_media":71457,"template":"","meta":[],"product_cat":[2962],"product_tag":[],"class_list":{"0":"post-67011","1":"product","2":"type-product","3":"status-publish","4":"has-post-thumbnail","6":"product_cat-gelataria-ingredientes","8":"first","9":"onbackorder","10":"taxable","11":"shipping-taxable","12":"product-type-simple","13":"add-to-wishlist-before_image","14":"col-xs-6 col-sm-4","15":"col-md-3 col-lg-3","16":"un-4-cols"},"_links":{"self":[{"href":"https:\/\/smfoods.pt\/loja\/wp-json\/wp\/v2\/product\/67011","targetHints":{"allow":["GET"]}}],"collection":[{"href":"https:\/\/smfoods.pt\/loja\/wp-json\/wp\/v2\/product"}],"about":[{"href":"https:\/\/smfoods.pt\/loja\/wp-json\/wp\/v2\/types\/product"}],"version-history":[{"count":1,"href":"https:\/\/smfoods.pt\/loja\/wp-json\/wp\/v2\/product\/67011\/revisions"}],"predecessor-version":[{"id":71458,"href":"https:\/\/smfoods.pt\/loja\/wp-json\/wp\/v2\/product\/67011\/revisions\/71458"}],"wp:featuredmedia":[{"embeddable":true,"href":"https:\/\/smfoods.pt\/loja\/wp-json\/wp\/v2\/media\/71457"}],"wp:attachment":[{"href":"https:\/\/smfoods.pt\/loja\/wp-json\/wp\/v2\/media?parent=67011"}],"wp:term":[{"taxonomy":"product_cat","embeddable":true,"href":"https:\/\/smfoods.pt\/loja\/wp-json\/wp\/v2\/product_cat?post=67011"},{"taxonomy":"product_tag","embeddable":true,"href":"https:\/\/smfoods.pt\/loja\/wp-json\/wp\/v2\/product_tag?post=67011"}],"curies":[{"name":"wp","href":"https:\/\/api.w.org\/{rel}","templated":true}]}}