
{"id":67197,"date":"2023-01-27T15:16:12","date_gmt":"2023-01-27T15:16:12","guid":{"rendered":"https:\/\/smfoods.pt\/loja\/produto\/10223401-pao-rustico-de-trigo-e-centeio-30x80g\/"},"modified":"2024-03-04T15:27:29","modified_gmt":"2024-03-04T15:27:29","slug":"10223401-pao-rustico-de-trigo-e-centeio-30x80g","status":"publish","type":"product","link":"https:\/\/smfoods.pt\/loja\/produto\/10223401-pao-rustico-de-trigo-e-centeio-30x80g\/","title":{"rendered":"P\u00e3o R\u00fastico de Trigo e Centeio 30x80g"},"content":{"rendered":"<p><strong>Observa\u00e7\u00f5es: <\/strong><\/p>\n","protected":false},"excerpt":{"rendered":"<p>Observa\u00e7\u00f5es:<\/p>\n","protected":false},"featured_media":72699,"template":"","meta":[],"product_cat":[3083],"product_tag":[],"class_list":{"0":"post-67197","1":"product","2":"type-product","3":"status-publish","4":"has-post-thumbnail","6":"product_cat-frozen-padaria-pao-branco","8":"first","9":"instock","10":"taxable","11":"shipping-taxable","12":"product-type-simple","13":"add-to-wishlist-before_image","14":"col-xs-6 col-sm-4","15":"col-md-3 col-lg-3","16":"un-4-cols"},"_links":{"self":[{"href":"https:\/\/smfoods.pt\/loja\/wp-json\/wp\/v2\/product\/67197","targetHints":{"allow":["GET"]}}],"collection":[{"href":"https:\/\/smfoods.pt\/loja\/wp-json\/wp\/v2\/product"}],"about":[{"href":"https:\/\/smfoods.pt\/loja\/wp-json\/wp\/v2\/types\/product"}],"version-history":[{"count":1,"href":"https:\/\/smfoods.pt\/loja\/wp-json\/wp\/v2\/product\/67197\/revisions"}],"predecessor-version":[{"id":71016,"href":"https:\/\/smfoods.pt\/loja\/wp-json\/wp\/v2\/product\/67197\/revisions\/71016"}],"wp:featuredmedia":[{"embeddable":true,"href":"https:\/\/smfoods.pt\/loja\/wp-json\/wp\/v2\/media\/72699"}],"wp:attachment":[{"href":"https:\/\/smfoods.pt\/loja\/wp-json\/wp\/v2\/media?parent=67197"}],"wp:term":[{"taxonomy":"product_cat","embeddable":true,"href":"https:\/\/smfoods.pt\/loja\/wp-json\/wp\/v2\/product_cat?post=67197"},{"taxonomy":"product_tag","embeddable":true,"href":"https:\/\/smfoods.pt\/loja\/wp-json\/wp\/v2\/product_tag?post=67197"}],"curies":[{"name":"wp","href":"https:\/\/api.w.org\/{rel}","templated":true}]}}