
{"id":70634,"date":"2023-02-15T14:11:48","date_gmt":"2023-02-15T14:11:48","guid":{"rendered":"https:\/\/smfoods.pt\/loja\/produto\/v23202-sortido-mini-chamucas-gourmet-200x27gr\/"},"modified":"2024-03-04T15:09:35","modified_gmt":"2024-03-04T15:09:35","slug":"v23202-sortido-mini-chamucas-gourmet-200x27gr","status":"publish","type":"product","link":"https:\/\/smfoods.pt\/loja\/produto\/v23202-sortido-mini-chamucas-gourmet-200x27gr\/","title":{"rendered":"Sortido Mini Chamu\u00e7as Gourmet 200x27gr."},"content":{"rendered":"<p><strong>Observa\u00e7\u00f5es: <\/strong>Sortido gourmet de Mini Chamu\u00e7as ideal para caterings e entradas. Este sortido tem 100 unidades de Chamu\u00e7a Vermelha de camar\u00e3o e 100 de Chamu\u00e7as Verdes Legumes.<br \/>\nIngredientes:<br \/>\nChamu\u00e7a legumes: Massa (farinha de TRIGO, \u00e1gua, \u00f3leo de coco, sal, emulsionante: (E422) RECHEIO (couve branca (57,6%), rebentos de SOJA, cenoura, cebola, \u00f3leo vegetal, caldo de legumes, massa de alho, especiarias, sal).<\/p>\n<p>Chamu\u00e7a Camar\u00e3o: MASSA (farinha de TRIGO, \u00e1gua, \u00f3leo de coco, sal, emulsionante: (E422) RECHEIO (Creme de MARISCO, cebola, DEL\u00cdCIAS DO MAR, CAMAR\u00c3O (13%), SOJA, especiarias, coentros, sal).<\/p>\n","protected":false},"excerpt":{"rendered":"<p>Observa\u00e7\u00f5es: Sortido gourmet de Mini Chamu\u00e7as ideal para caterings e entradas. Este sortido tem 100 unidades de Chamu\u00e7a Vermelha de camar\u00e3o e 100 de Chamu\u00e7as Verdes Legumes. Ingredientes: Chamu\u00e7a legumes: Massa (farinha de TRIGO, \u00e1gua, \u00f3leo de coco, sal, emulsionante: (E422) RECHEIO (couve branca (57,6%), rebentos de SOJA, cenoura, cebola, \u00f3leo vegetal, caldo de legumes,&hellip;<\/p>\n","protected":false},"featured_media":72351,"template":"","meta":[],"product_cat":[2922],"product_tag":[],"class_list":{"0":"post-70634","1":"product","2":"type-product","3":"status-publish","4":"has-post-thumbnail","6":"product_cat-restauracao-novidades","8":"first","9":"onbackorder","10":"sale","11":"taxable","12":"shipping-taxable","13":"product-type-simple","14":"add-to-wishlist-before_image","15":"col-xs-6 col-sm-4","16":"col-md-3 col-lg-3","17":"un-4-cols"},"_links":{"self":[{"href":"https:\/\/smfoods.pt\/loja\/wp-json\/wp\/v2\/product\/70634","targetHints":{"allow":["GET"]}}],"collection":[{"href":"https:\/\/smfoods.pt\/loja\/wp-json\/wp\/v2\/product"}],"about":[{"href":"https:\/\/smfoods.pt\/loja\/wp-json\/wp\/v2\/types\/product"}],"version-history":[{"count":1,"href":"https:\/\/smfoods.pt\/loja\/wp-json\/wp\/v2\/product\/70634\/revisions"}],"predecessor-version":[{"id":71180,"href":"https:\/\/smfoods.pt\/loja\/wp-json\/wp\/v2\/product\/70634\/revisions\/71180"}],"wp:featuredmedia":[{"embeddable":true,"href":"https:\/\/smfoods.pt\/loja\/wp-json\/wp\/v2\/media\/72351"}],"wp:attachment":[{"href":"https:\/\/smfoods.pt\/loja\/wp-json\/wp\/v2\/media?parent=70634"}],"wp:term":[{"taxonomy":"product_cat","embeddable":true,"href":"https:\/\/smfoods.pt\/loja\/wp-json\/wp\/v2\/product_cat?post=70634"},{"taxonomy":"product_tag","embeddable":true,"href":"https:\/\/smfoods.pt\/loja\/wp-json\/wp\/v2\/product_tag?post=70634"}],"curies":[{"name":"wp","href":"https:\/\/api.w.org\/{rel}","templated":true}]}}