
{"id":71014,"date":"2023-03-27T11:35:06","date_gmt":"2023-03-27T11:35:06","guid":{"rendered":"https:\/\/smfoods.pt\/loja\/produto\/135275-avacate-cubos-25-kg\/"},"modified":"2024-03-04T15:15:59","modified_gmt":"2024-03-04T15:15:59","slug":"135275-avacate-cubos-25-kg","status":"publish","type":"product","link":"https:\/\/smfoods.pt\/loja\/produto\/135275-avacate-cubos-25-kg\/","title":{"rendered":"Avacate cubos 2,5 Kg"},"content":{"rendered":"<p><strong>Observa\u00e7\u00f5es: <\/strong>Cubos de avacate ideais, para fazer pat\u00e9s.<\/p>\n","protected":false},"excerpt":{"rendered":"<p>Observa\u00e7\u00f5es: Cubos de avacate ideais, para fazer pat\u00e9s.<\/p>\n","protected":false},"featured_media":71013,"template":"","meta":[],"product_cat":[2951,2952,2953],"product_tag":[],"class_list":{"0":"post-71014","1":"product","2":"type-product","3":"status-publish","4":"has-post-thumbnail","6":"product_cat-pastelaria-frutas-congeladas","7":"product_cat-frozen-frutas-congeladas","8":"product_cat-restauracao-frutas-congeladas","10":"first","11":"instock","12":"taxable","13":"shipping-taxable","14":"product-type-simple","15":"add-to-wishlist-before_image","16":"col-xs-6 col-sm-4","17":"col-md-3 col-lg-3","18":"un-4-cols"},"_links":{"self":[{"href":"https:\/\/smfoods.pt\/loja\/wp-json\/wp\/v2\/product\/71014","targetHints":{"allow":["GET"]}}],"collection":[{"href":"https:\/\/smfoods.pt\/loja\/wp-json\/wp\/v2\/product"}],"about":[{"href":"https:\/\/smfoods.pt\/loja\/wp-json\/wp\/v2\/types\/product"}],"version-history":[{"count":0,"href":"https:\/\/smfoods.pt\/loja\/wp-json\/wp\/v2\/product\/71014\/revisions"}],"wp:featuredmedia":[{"embeddable":true,"href":"https:\/\/smfoods.pt\/loja\/wp-json\/wp\/v2\/media\/71013"}],"wp:attachment":[{"href":"https:\/\/smfoods.pt\/loja\/wp-json\/wp\/v2\/media?parent=71014"}],"wp:term":[{"taxonomy":"product_cat","embeddable":true,"href":"https:\/\/smfoods.pt\/loja\/wp-json\/wp\/v2\/product_cat?post=71014"},{"taxonomy":"product_tag","embeddable":true,"href":"https:\/\/smfoods.pt\/loja\/wp-json\/wp\/v2\/product_tag?post=71014"}],"curies":[{"name":"wp","href":"https:\/\/api.w.org\/{rel}","templated":true}]}}