
{"id":71024,"date":"2023-03-27T11:35:34","date_gmt":"2023-03-27T11:35:34","guid":{"rendered":"https:\/\/smfoods.pt\/loja\/produto\/130935-sumo-limao-1a-flor-500-gr\/"},"modified":"2024-03-04T15:15:08","modified_gmt":"2024-03-04T15:15:08","slug":"130935-sumo-limao-1a-flor-500-gr","status":"publish","type":"product","link":"https:\/\/smfoods.pt\/loja\/produto\/130935-sumo-limao-1a-flor-500-gr\/","title":{"rendered":"Sumo Lim\u00e3o 1\u00aa Flor 500 gr."},"content":{"rendered":"<p><strong>Observa\u00e7\u00f5es: <\/strong>Sumo lim\u00e3o 100%. Ideal para consumo direto ou produ\u00e7\u00e3o de gelados.<br \/>\nCaixa master com 12.<\/p>\n","protected":false},"excerpt":{"rendered":"<p>Observa\u00e7\u00f5es: Sumo lim\u00e3o 100%. Ideal para consumo direto ou produ\u00e7\u00e3o de gelados. Caixa master com 12.<\/p>\n","protected":false},"featured_media":71023,"template":"","meta":[],"product_cat":[2951,2952,2953],"product_tag":[],"class_list":{"0":"post-71024","1":"product","2":"type-product","3":"status-publish","4":"has-post-thumbnail","6":"product_cat-pastelaria-frutas-congeladas","7":"product_cat-frozen-frutas-congeladas","8":"product_cat-restauracao-frutas-congeladas","10":"first","11":"instock","12":"taxable","13":"shipping-taxable","14":"product-type-simple","15":"add-to-wishlist-before_image","16":"col-xs-6 col-sm-4","17":"col-md-3 col-lg-3","18":"un-4-cols"},"_links":{"self":[{"href":"https:\/\/smfoods.pt\/loja\/wp-json\/wp\/v2\/product\/71024","targetHints":{"allow":["GET"]}}],"collection":[{"href":"https:\/\/smfoods.pt\/loja\/wp-json\/wp\/v2\/product"}],"about":[{"href":"https:\/\/smfoods.pt\/loja\/wp-json\/wp\/v2\/types\/product"}],"version-history":[{"count":2,"href":"https:\/\/smfoods.pt\/loja\/wp-json\/wp\/v2\/product\/71024\/revisions"}],"predecessor-version":[{"id":72470,"href":"https:\/\/smfoods.pt\/loja\/wp-json\/wp\/v2\/product\/71024\/revisions\/72470"}],"wp:featuredmedia":[{"embeddable":true,"href":"https:\/\/smfoods.pt\/loja\/wp-json\/wp\/v2\/media\/71023"}],"wp:attachment":[{"href":"https:\/\/smfoods.pt\/loja\/wp-json\/wp\/v2\/media?parent=71024"}],"wp:term":[{"taxonomy":"product_cat","embeddable":true,"href":"https:\/\/smfoods.pt\/loja\/wp-json\/wp\/v2\/product_cat?post=71024"},{"taxonomy":"product_tag","embeddable":true,"href":"https:\/\/smfoods.pt\/loja\/wp-json\/wp\/v2\/product_tag?post=71024"}],"curies":[{"name":"wp","href":"https:\/\/api.w.org\/{rel}","templated":true}]}}