
{"id":71072,"date":"2023-03-27T11:37:52","date_gmt":"2023-03-27T11:37:52","guid":{"rendered":"https:\/\/smfoods.pt\/loja\/produto\/30581-cubos-de-manga-10mm-25kg\/"},"modified":"2024-03-04T15:16:21","modified_gmt":"2024-03-04T15:16:21","slug":"30581-cubos-de-manga-10mm-25kg","status":"publish","type":"product","link":"https:\/\/smfoods.pt\/loja\/produto\/30581-cubos-de-manga-10mm-25kg\/","title":{"rendered":"Cubos de Manga (10mm) 2,5Kg"},"content":{"rendered":"<p><strong>Observa\u00e7\u00f5es: <\/strong>Cubos de Manga origem: Vietnam.<br \/>\nDimens\u00e3o: 10 mm x 10 mm<\/p>\n","protected":false},"excerpt":{"rendered":"<p>Observa\u00e7\u00f5es: Cubos de Manga origem: Vietnam. Dimens\u00e3o: 10 mm x 10 mm<\/p>\n","protected":false},"featured_media":72489,"template":"","meta":[],"product_cat":[2953,2951,2952],"product_tag":[],"class_list":{"0":"post-71072","1":"product","2":"type-product","3":"status-publish","4":"has-post-thumbnail","6":"product_cat-restauracao-frutas-congeladas","7":"product_cat-pastelaria-frutas-congeladas","8":"product_cat-frozen-frutas-congeladas","10":"first","11":"instock","12":"taxable","13":"shipping-taxable","14":"product-type-simple","15":"add-to-wishlist-before_image","16":"col-xs-6 col-sm-4","17":"col-md-3 col-lg-3","18":"un-4-cols"},"_links":{"self":[{"href":"https:\/\/smfoods.pt\/loja\/wp-json\/wp\/v2\/product\/71072","targetHints":{"allow":["GET"]}}],"collection":[{"href":"https:\/\/smfoods.pt\/loja\/wp-json\/wp\/v2\/product"}],"about":[{"href":"https:\/\/smfoods.pt\/loja\/wp-json\/wp\/v2\/types\/product"}],"version-history":[{"count":1,"href":"https:\/\/smfoods.pt\/loja\/wp-json\/wp\/v2\/product\/71072\/revisions"}],"predecessor-version":[{"id":71695,"href":"https:\/\/smfoods.pt\/loja\/wp-json\/wp\/v2\/product\/71072\/revisions\/71695"}],"wp:featuredmedia":[{"embeddable":true,"href":"https:\/\/smfoods.pt\/loja\/wp-json\/wp\/v2\/media\/72489"}],"wp:attachment":[{"href":"https:\/\/smfoods.pt\/loja\/wp-json\/wp\/v2\/media?parent=71072"}],"wp:term":[{"taxonomy":"product_cat","embeddable":true,"href":"https:\/\/smfoods.pt\/loja\/wp-json\/wp\/v2\/product_cat?post=71072"},{"taxonomy":"product_tag","embeddable":true,"href":"https:\/\/smfoods.pt\/loja\/wp-json\/wp\/v2\/product_tag?post=71072"}],"curies":[{"name":"wp","href":"https:\/\/api.w.org\/{rel}","templated":true}]}}