
{"id":72288,"date":"2024-03-04T15:04:19","date_gmt":"2024-03-04T15:04:19","guid":{"rendered":"https:\/\/smfoods.pt\/loja\/produto\/428113-bola-de-futebol-chocolate-branco-3d-56unidades\/"},"modified":"2024-03-04T15:04:19","modified_gmt":"2024-03-04T15:04:19","slug":"428113-bola-de-futebol-chocolate-branco-3d-56unidades","status":"publish","type":"product","link":"https:\/\/smfoods.pt\/loja\/produto\/428113-bola-de-futebol-chocolate-branco-3d-56unidades\/","title":{"rendered":"Bola de Futebol Chocolate Branco 3D 56unidades"},"content":{"rendered":"<p><strong>Observa\u00e7\u00f5es: <\/strong>Caixa com 56 unidades. \u00d830mm<br \/>\nIngredientes : Sabor natural, A\u00e7\u00facar, Leite em p\u00f3 integral,<br \/>\nManteiga de cacau, Massa de cacau<\/p>\n","protected":false},"excerpt":{"rendered":"<p>Observa\u00e7\u00f5es: Caixa com 56 unidades. \u00d830mm Ingredientes : Sabor natural, A\u00e7\u00facar, Leite em p\u00f3 integral, Manteiga de cacau, Massa de cacau<\/p>\n","protected":false},"featured_media":72287,"template":"","meta":[],"product_cat":[2921],"product_tag":[],"class_list":{"0":"post-72288","1":"product","2":"type-product","3":"status-publish","4":"has-post-thumbnail","6":"product_cat-pastelaria-novidades","8":"first","9":"instock","10":"taxable","11":"shipping-taxable","12":"product-type-simple","13":"add-to-wishlist-before_image","14":"col-xs-6 col-sm-4","15":"col-md-3 col-lg-3","16":"un-4-cols"},"_links":{"self":[{"href":"https:\/\/smfoods.pt\/loja\/wp-json\/wp\/v2\/product\/72288","targetHints":{"allow":["GET"]}}],"collection":[{"href":"https:\/\/smfoods.pt\/loja\/wp-json\/wp\/v2\/product"}],"about":[{"href":"https:\/\/smfoods.pt\/loja\/wp-json\/wp\/v2\/types\/product"}],"version-history":[{"count":0,"href":"https:\/\/smfoods.pt\/loja\/wp-json\/wp\/v2\/product\/72288\/revisions"}],"wp:featuredmedia":[{"embeddable":true,"href":"https:\/\/smfoods.pt\/loja\/wp-json\/wp\/v2\/media\/72287"}],"wp:attachment":[{"href":"https:\/\/smfoods.pt\/loja\/wp-json\/wp\/v2\/media?parent=72288"}],"wp:term":[{"taxonomy":"product_cat","embeddable":true,"href":"https:\/\/smfoods.pt\/loja\/wp-json\/wp\/v2\/product_cat?post=72288"},{"taxonomy":"product_tag","embeddable":true,"href":"https:\/\/smfoods.pt\/loja\/wp-json\/wp\/v2\/product_tag?post=72288"}],"curies":[{"name":"wp","href":"https:\/\/api.w.org\/{rel}","templated":true}]}}