
{"id":72411,"date":"2024-03-04T15:12:09","date_gmt":"2024-03-04T15:12:09","guid":{"rendered":"https:\/\/smfoods.pt\/loja\/produto\/205202-decoracao-acucar-coelhos-cenoura-flores-pascoa-48-unid\/"},"modified":"2024-03-04T15:12:09","modified_gmt":"2024-03-04T15:12:09","slug":"205202-decoracao-acucar-coelhos-cenoura-flores-pascoa-48-unid","status":"publish","type":"product","link":"https:\/\/smfoods.pt\/loja\/produto\/205202-decoracao-acucar-coelhos-cenoura-flores-pascoa-48-unid\/","title":{"rendered":"Decora\u00e7\u00e3o A\u00e7ucar Coelhos, Cenoura, Flores Pascoa (48 Unid)"},"content":{"rendered":"","protected":false},"excerpt":{"rendered":"","protected":false},"featured_media":72410,"template":"","meta":[],"product_cat":[3088],"product_tag":[],"class_list":{"0":"post-72411","1":"product","2":"type-product","3":"status-publish","4":"has-post-thumbnail","6":"product_cat-pastelaria-flores-e-decoracoes-pascoa","8":"first","9":"instock","10":"taxable","11":"shipping-taxable","12":"product-type-simple","13":"add-to-wishlist-before_image","14":"col-xs-6 col-sm-4","15":"col-md-3 col-lg-3","16":"un-4-cols"},"_links":{"self":[{"href":"https:\/\/smfoods.pt\/loja\/wp-json\/wp\/v2\/product\/72411","targetHints":{"allow":["GET"]}}],"collection":[{"href":"https:\/\/smfoods.pt\/loja\/wp-json\/wp\/v2\/product"}],"about":[{"href":"https:\/\/smfoods.pt\/loja\/wp-json\/wp\/v2\/types\/product"}],"version-history":[{"count":0,"href":"https:\/\/smfoods.pt\/loja\/wp-json\/wp\/v2\/product\/72411\/revisions"}],"wp:featuredmedia":[{"embeddable":true,"href":"https:\/\/smfoods.pt\/loja\/wp-json\/wp\/v2\/media\/72410"}],"wp:attachment":[{"href":"https:\/\/smfoods.pt\/loja\/wp-json\/wp\/v2\/media?parent=72411"}],"wp:term":[{"taxonomy":"product_cat","embeddable":true,"href":"https:\/\/smfoods.pt\/loja\/wp-json\/wp\/v2\/product_cat?post=72411"},{"taxonomy":"product_tag","embeddable":true,"href":"https:\/\/smfoods.pt\/loja\/wp-json\/wp\/v2\/product_tag?post=72411"}],"curies":[{"name":"wp","href":"https:\/\/api.w.org\/{rel}","templated":true}]}}