
{"id":72686,"date":"2024-03-04T15:26:32","date_gmt":"2024-03-04T15:26:32","guid":{"rendered":"https:\/\/smfoods.pt\/loja\/produto\/10247610-folhado-tex-mex-60x105gr\/"},"modified":"2024-03-04T15:26:32","modified_gmt":"2024-03-04T15:26:32","slug":"10247610-folhado-tex-mex-60x105gr","status":"publish","type":"product","link":"https:\/\/smfoods.pt\/loja\/produto\/10247610-folhado-tex-mex-60x105gr\/","title":{"rendered":"Folhado Tex-Mex (60x105gr)"},"content":{"rendered":"<p><strong>Observa\u00e7\u00f5es: <\/strong>Ingredientes: Produto de massa de croissant com frango (7,1%), bacon (6,7%) e piment\u00e3o (paprika), cru e ultracongelado<br \/>\nModo Prepara\u00e7\u00e3o: Descongela\u00e7\u00e3o: 25 min. a temperatura ambiente; Cozedura: 20-22 min. a 180\u00baC em forno convetor ou a 210\u00baC em forno de placas.<\/p>\n","protected":false},"excerpt":{"rendered":"<p>Observa\u00e7\u00f5es: Ingredientes: Produto de massa de croissant com frango (7,1%), bacon (6,7%) e piment\u00e3o (paprika), cru e ultracongelado Modo Prepara\u00e7\u00e3o: Descongela\u00e7\u00e3o: 25 min. a temperatura ambiente; Cozedura: 20-22 min. a 180\u00baC em forno convetor ou a 210\u00baC em forno de placas.<\/p>\n","protected":false},"featured_media":72685,"template":"","meta":[],"product_cat":[3075],"product_tag":[],"class_list":{"0":"post-72686","1":"product","2":"type-product","3":"status-publish","4":"has-post-thumbnail","6":"product_cat-frozen-pastelaria-massas-folhadas","8":"first","9":"onbackorder","10":"taxable","11":"shipping-taxable","12":"product-type-simple","13":"add-to-wishlist-before_image","14":"col-xs-6 col-sm-4","15":"col-md-3 col-lg-3","16":"un-4-cols"},"_links":{"self":[{"href":"https:\/\/smfoods.pt\/loja\/wp-json\/wp\/v2\/product\/72686","targetHints":{"allow":["GET"]}}],"collection":[{"href":"https:\/\/smfoods.pt\/loja\/wp-json\/wp\/v2\/product"}],"about":[{"href":"https:\/\/smfoods.pt\/loja\/wp-json\/wp\/v2\/types\/product"}],"version-history":[{"count":0,"href":"https:\/\/smfoods.pt\/loja\/wp-json\/wp\/v2\/product\/72686\/revisions"}],"wp:featuredmedia":[{"embeddable":true,"href":"https:\/\/smfoods.pt\/loja\/wp-json\/wp\/v2\/media\/72685"}],"wp:attachment":[{"href":"https:\/\/smfoods.pt\/loja\/wp-json\/wp\/v2\/media?parent=72686"}],"wp:term":[{"taxonomy":"product_cat","embeddable":true,"href":"https:\/\/smfoods.pt\/loja\/wp-json\/wp\/v2\/product_cat?post=72686"},{"taxonomy":"product_tag","embeddable":true,"href":"https:\/\/smfoods.pt\/loja\/wp-json\/wp\/v2\/product_tag?post=72686"}],"curies":[{"name":"wp","href":"https:\/\/api.w.org\/{rel}","templated":true}]}}