
{"id":72794,"date":"2024-03-04T15:34:08","date_gmt":"2024-03-04T15:34:08","guid":{"rendered":"https:\/\/smfoods.pt\/loja\/produto\/pfl02-pronto-anguria-melancia-iceberg-14-kg\/"},"modified":"2024-03-04T15:34:08","modified_gmt":"2024-03-04T15:34:08","slug":"pfl02-pronto-anguria-melancia-iceberg-14-kg","status":"publish","type":"product","link":"https:\/\/smfoods.pt\/loja\/produto\/pfl02-pronto-anguria-melancia-iceberg-14-kg\/","title":{"rendered":"Pronto Anguria \/ Melancia Iceberg 1,4 Kg"},"content":{"rendered":"<p><strong>Observa\u00e7\u00f5es: <\/strong>Preparado complet para fazer gelado de mel\u00e2ncia.<br \/>\nReceita: 1 Pacotes, 3 Litros \u00e1gua.<br \/>\nCaixa Master de 10\u00d71,4 Kg.<\/p>\n","protected":false},"excerpt":{"rendered":"<p>Observa\u00e7\u00f5es: Preparado complet para fazer gelado de mel\u00e2ncia. Receita: 1 Pacotes, 3 Litros \u00e1gua. Caixa Master de 10\u00d71,4 Kg.<\/p>\n","protected":false},"featured_media":72793,"template":"","meta":[],"product_cat":[2985],"product_tag":[],"class_list":{"0":"post-72794","1":"product","2":"type-product","3":"status-publish","4":"has-post-thumbnail","6":"product_cat-gelataria-pastas-gelado","8":"first","9":"instock","10":"taxable","11":"shipping-taxable","12":"product-type-simple","13":"add-to-wishlist-before_image","14":"col-xs-6 col-sm-4","15":"col-md-3 col-lg-3","16":"un-4-cols"},"_links":{"self":[{"href":"https:\/\/smfoods.pt\/loja\/wp-json\/wp\/v2\/product\/72794","targetHints":{"allow":["GET"]}}],"collection":[{"href":"https:\/\/smfoods.pt\/loja\/wp-json\/wp\/v2\/product"}],"about":[{"href":"https:\/\/smfoods.pt\/loja\/wp-json\/wp\/v2\/types\/product"}],"version-history":[{"count":0,"href":"https:\/\/smfoods.pt\/loja\/wp-json\/wp\/v2\/product\/72794\/revisions"}],"wp:featuredmedia":[{"embeddable":true,"href":"https:\/\/smfoods.pt\/loja\/wp-json\/wp\/v2\/media\/72793"}],"wp:attachment":[{"href":"https:\/\/smfoods.pt\/loja\/wp-json\/wp\/v2\/media?parent=72794"}],"wp:term":[{"taxonomy":"product_cat","embeddable":true,"href":"https:\/\/smfoods.pt\/loja\/wp-json\/wp\/v2\/product_cat?post=72794"},{"taxonomy":"product_tag","embeddable":true,"href":"https:\/\/smfoods.pt\/loja\/wp-json\/wp\/v2\/product_tag?post=72794"}],"curies":[{"name":"wp","href":"https:\/\/api.w.org\/{rel}","templated":true}]}}