
{"id":72865,"date":"2024-03-04T15:38:19","date_gmt":"2024-03-04T15:38:19","guid":{"rendered":"https:\/\/smfoods.pt\/loja\/produto\/v11104-empada-de-frango-dihor-35x70-gr\/"},"modified":"2024-03-04T15:38:19","modified_gmt":"2024-03-04T15:38:19","slug":"v11104-empada-de-frango-dihor-35x70-gr","status":"publish","type":"product","link":"https:\/\/smfoods.pt\/loja\/produto\/v11104-empada-de-frango-dihor-35x70-gr\/","title":{"rendered":"Empada de Frango DIHOR (35&#215;70 gr)"},"content":{"rendered":"<p><strong>Observa\u00e7\u00f5es: <\/strong>MODO DE UTILIZA\u00c7\u00c3O:<br \/>\nCozer 20 minutos, com o fono pr\u00e9-aquecido a 200\u00ba<\/p>\n<p>DESCRI\u00c7\u00c3O DO PRODUTO:<br \/>\nEmpada artesanal com recheio de Frango.<br \/>\nINGREDIENTES:<br \/>\nMassa (70%) (farinha de trigo, \u00e1gua, margarina folhados, sal) e recheio (30%) [frango (63%), cebola, \u00f3leo vegetal, pimento vermelho, massa alho, massa piment\u00e3o, amido, leite, salsa, especiarias, sal].<\/p>\n","protected":false},"excerpt":{"rendered":"<p>Observa\u00e7\u00f5es: MODO DE UTILIZA\u00c7\u00c3O: Cozer 20 minutos, com o fono pr\u00e9-aquecido a 200\u00ba DESCRI\u00c7\u00c3O DO PRODUTO: Empada artesanal com recheio de Frango. INGREDIENTES: Massa (70%) (farinha de trigo, \u00e1gua, margarina folhados, sal) e recheio (30%) [frango (63%), cebola, \u00f3leo vegetal, pimento vermelho, massa alho, massa piment\u00e3o, amido, leite, salsa, especiarias, sal].<\/p>\n","protected":false},"featured_media":72864,"template":"","meta":[],"product_cat":[3075],"product_tag":[],"class_list":{"0":"post-72865","1":"product","2":"type-product","3":"status-publish","4":"has-post-thumbnail","6":"product_cat-frozen-pastelaria-massas-folhadas","8":"first","9":"onbackorder","10":"sale","11":"taxable","12":"shipping-taxable","13":"product-type-simple","14":"add-to-wishlist-before_image","15":"col-xs-6 col-sm-4","16":"col-md-3 col-lg-3","17":"un-4-cols"},"_links":{"self":[{"href":"https:\/\/smfoods.pt\/loja\/wp-json\/wp\/v2\/product\/72865","targetHints":{"allow":["GET"]}}],"collection":[{"href":"https:\/\/smfoods.pt\/loja\/wp-json\/wp\/v2\/product"}],"about":[{"href":"https:\/\/smfoods.pt\/loja\/wp-json\/wp\/v2\/types\/product"}],"version-history":[{"count":0,"href":"https:\/\/smfoods.pt\/loja\/wp-json\/wp\/v2\/product\/72865\/revisions"}],"wp:featuredmedia":[{"embeddable":true,"href":"https:\/\/smfoods.pt\/loja\/wp-json\/wp\/v2\/media\/72864"}],"wp:attachment":[{"href":"https:\/\/smfoods.pt\/loja\/wp-json\/wp\/v2\/media?parent=72865"}],"wp:term":[{"taxonomy":"product_cat","embeddable":true,"href":"https:\/\/smfoods.pt\/loja\/wp-json\/wp\/v2\/product_cat?post=72865"},{"taxonomy":"product_tag","embeddable":true,"href":"https:\/\/smfoods.pt\/loja\/wp-json\/wp\/v2\/product_tag?post=72865"}],"curies":[{"name":"wp","href":"https:\/\/api.w.org\/{rel}","templated":true}]}}